{"id":989,"date":"2021-03-09T13:00:09","date_gmt":"2021-03-09T13:00:09","guid":{"rendered":"http:\/\/maliwojownicy.org\/?page_id=989"},"modified":"2026-03-24T09:05:23","modified_gmt":"2026-03-24T08:05:23","slug":"zajecia","status":"publish","type":"page","link":"https:\/\/maliwojownicy.org\/index.php\/horyzont\/zajecia\/","title":{"rendered":"Cennik"},"content":{"rendered":"\n<p class=\"wp-block-paragraph\">Program Wczesnego Wspomagania Rozwoju (WWRD) \u2013 bezp\u0142atnie, wymagana opinia o<br>potrzebie WWRD.<\/p>\n\n\n\n<p class=\"wp-block-paragraph\"><br>Konsultacja ze specjalist\u0105 (wywiad + wst\u0119pne badanie\/ocena dziecka) \u2013 200z\u0142<\/p>\n\n\n\n<ul class=\"wp-block-list\">\n<li>konsultacja psychologiczna &#8211; 200z\u0142<\/li>\n\n\n\n<li>konsultacja pedagogiczna &#8211; 200z\u0142<\/li>\n\n\n\n<li>konsultacja z fizjoterapeut\u0105 &#8211; 200z\u0142<\/li>\n\n\n\n<li>konsultacja integracji sensorycznej &#8211; 200z\u0142<\/li>\n\n\n\n<li>konsultacja logopedyczna\/ neurologopedyczna &#8211; 200z\u0142<\/li>\n\n\n\n<li>konsultacja odruch\u00f3w wg MNRi\u00ae &#8211; 200z\u0142<\/li>\n\n\n\n<li>Wydanie pisemnej opinii po konsultacji \u2013 80z\u0142<\/li>\n\n\n\n<li>Terapia indywidulana (50 min) \u2013 160z\u0142<br><\/li>\n<\/ul>\n\n\n\n<p class=\"wp-block-paragraph\"><strong>Diagnozy:<\/strong><\/p>\n\n\n\n<ul class=\"wp-block-list\">\n<li>Diagnoza rozwoju psychoruchowego od 1 miesi\u0105ca \u017cycia (KORP) &#8211; 2 spotkania (badanie + om\u00f3wienie wynik\u00f3w wraz z opini\u0105) \u2013 400z\u0142<\/li>\n\n\n\n<li>Diagnoza gotowo\u015bci szkolnej (KOGS) \u2013 2 spotkania (badanie + om\u00f3wienie wynik\u00f3w wraz z opini\u0105) \u2013 400z\u0142<\/li>\n\n\n\n<li>Diagnoza integracji sensorycznej z opisem\u2013 3-4 spotkania (wywiad z rodzicem, badanie, om\u00f3wienie wynik\u00f3w) \u2013 850 z\u0142<\/li>\n\n\n\n<li>Elektrostymulacja + kinezjotaping (cykl 10 spotka\u0144 po 30 min) \u2013 800 z\u0142<\/li>\n<\/ul>\n\n\n\n<p class=\"wp-block-paragraph\"><\/p>\n\n\n\n<p class=\"wp-block-paragraph\"><strong>Terapia grupowa:<\/strong><\/p>\n\n\n\n<ul class=\"wp-block-list\">\n<li>Trening umiej\u0119tno\u015bci spo\u0142ecznych \u2013 800 z\u0142 (10 spotka\u0144)<\/li>\n\n\n\n<li>Ruch rozwijaj\u0105cy wg. Weroniki Sherborne &#8211; 800 z\u0142 (10 spotka\u0144)<\/li>\n<\/ul>\n\n\n\n<p class=\"wp-block-paragraph\"><br><strong><em>P\u0142atno\u015b\u0107<\/em><\/strong><\/p>\n\n\n\n<p class=\"wp-block-paragraph\"><br>P\u0142atno\u015b\u0107 przelewem<br><strong>Nr. konta: 22160014621085884240000012<br>Odbiorca: Fundacja Mali Wojownicy<\/strong><br><strong>Tytu\u0142:<\/strong> <strong>imi\u0119 i nazwisko dziecka, konsultacja\/terapia i imi\u0119 i nazwisko terapeuty<\/strong><br>Na pro\u015bb\u0119 wystawiamy faktur\u0119.<\/p>\n\n\n\n<p class=\"wp-block-paragraph\"><\/p>\n","protected":false},"excerpt":{"rendered":"<p>Program Wczesnego Wspomagania Rozwoju (WWRD) \u2013 bezp\u0142atnie, wymagana opinia opotrzebie WWRD. Konsultacja ze specjalist\u0105 (wywiad + wst\u0119pne badanie\/ocena dziecka) \u2013 200z\u0142 Diagnozy: Terapia grupowa: P\u0142atno\u015b\u0107 P\u0142atno\u015b\u0107 przelewemNr. konta: 22160014621085884240000012Odbiorca: Fundacja Mali WojownicyTytu\u0142: imi\u0119 i nazwisko dziecka, konsultacja\/terapia i imi\u0119 i nazwisko terapeutyNa pro\u015bb\u0119 wystawiamy faktur\u0119.<\/p>\n","protected":false},"author":3,"featured_media":0,"parent":73,"menu_order":2,"comment_status":"closed","ping_status":"closed","template":"","meta":{"_crdt_document":"","_kadence_starter_templates_imported_post":false,"footnotes":""},"class_list":["post-989","page","type-page","status-publish","hentry"],"_links":{"self":[{"href":"https:\/\/maliwojownicy.org\/index.php\/wp-json\/wp\/v2\/pages\/989","targetHints":{"allow":["GET"]}}],"collection":[{"href":"https:\/\/maliwojownicy.org\/index.php\/wp-json\/wp\/v2\/pages"}],"about":[{"href":"https:\/\/maliwojownicy.org\/index.php\/wp-json\/wp\/v2\/types\/page"}],"author":[{"embeddable":true,"href":"https:\/\/maliwojownicy.org\/index.php\/wp-json\/wp\/v2\/users\/3"}],"replies":[{"embeddable":true,"href":"https:\/\/maliwojownicy.org\/index.php\/wp-json\/wp\/v2\/comments?post=989"}],"version-history":[{"count":1,"href":"https:\/\/maliwojownicy.org\/index.php\/wp-json\/wp\/v2\/pages\/989\/revisions"}],"predecessor-version":[{"id":2221,"href":"https:\/\/maliwojownicy.org\/index.php\/wp-json\/wp\/v2\/pages\/989\/revisions\/2221"}],"up":[{"embeddable":true,"href":"https:\/\/maliwojownicy.org\/index.php\/wp-json\/wp\/v2\/pages\/73"}],"wp:attachment":[{"href":"https:\/\/maliwojownicy.org\/index.php\/wp-json\/wp\/v2\/media?parent=989"}],"curies":[{"name":"wp","href":"https:\/\/api.w.org\/{rel}","templated":true}]}}