{"id":696,"date":"2020-05-09T10:54:58","date_gmt":"2020-05-09T10:54:58","guid":{"rendered":"http:\/\/maliwojownicy.org\/?page_id=696"},"modified":"2020-05-09T10:54:58","modified_gmt":"2020-05-09T10:54:58","slug":"formywsparcia","status":"publish","type":"page","link":"https:\/\/maliwojownicy.org\/index.php\/zlobekwesolesloneczka\/formywsparcia\/","title":{"rendered":"Formy wsparcia rodziny w tym program MALUCH+"},"content":{"rendered":"<p><span style=\"font-size: 14pt;\">Rodzinom podopiecznych \u017b\u0142obka oferujemy:<\/span><\/p>\n<ul>\n<li><span style=\"font-size: 14pt;\">bezp\u0142atny udzia\u0142 w szkoleniach organizowanych przez Fundacj\u0119 Mali Wojownicy<\/span><\/li>\n<li><span style=\"font-size: 14pt;\">mo\u017cliwo\u015b\u0107 realizowania wczesnego wspomagania rozwoju dziecka (WWRD) na terenie budynku<\/span><\/li>\n<li><span style=\"font-size: 14pt;\">w razie potrzeby konsultacj\u0119 na miejscu z neurologoped\u0105, logoped\u0105, pedagogiem, psychologiem, fizjoterapeut\u0105 lub terapeut\u0105 SI<\/span><\/li>\n<li><span style=\"font-size: 14pt;\">doradztwo w sprawach wychowawczych i trudno\u015bciach rozwojowych<\/span><\/li>\n<li><span style=\"font-size: 14pt;\">dost\u0119p do Biblioteki zawieraj\u0105cej pozycje z zakresu pedagogiki, wychowania oraz trudno\u015bci rozwojowych<\/span><\/li>\n<\/ul>\n\n\n<h2 class=\"has-text-align-center wp-block-heading\"><img loading=\"lazy\" decoding=\"async\" width=\"220\" height=\"73\" class=\"wp-image-1125\" style=\"width: 220px;\" src=\"https:\/\/maliwojownicy.org\/wp-content\/uploads\/2021\/09\/znaki_strona_www-2.png\" alt=\"\" srcset=\"https:\/\/maliwojownicy.org\/wp-content\/uploads\/2021\/09\/znaki_strona_www-2.png 1751w, https:\/\/maliwojownicy.org\/wp-content\/uploads\/2021\/09\/znaki_strona_www-2-300x100.png 300w, https:\/\/maliwojownicy.org\/wp-content\/uploads\/2021\/09\/znaki_strona_www-2-1024x341.png 1024w, https:\/\/maliwojownicy.org\/wp-content\/uploads\/2021\/09\/znaki_strona_www-2-768x256.png 768w, https:\/\/maliwojownicy.org\/wp-content\/uploads\/2021\/09\/znaki_strona_www-2-1536x511.png 1536w, https:\/\/maliwojownicy.org\/wp-content\/uploads\/2021\/09\/znaki_strona_www-2-600x200.png 600w\" sizes=\"auto, (max-width: 220px) 100vw, 220px\" \/><\/h2>\n\n\n\n<p class=\"has-large-font-size wp-block-paragraph\"><strong>Nazwa programu:<\/strong>&nbsp;\u201eProgram MALUCH+ 2021\u201d<\/p>\n\n\n\n<h6 class=\"has-medium-font-size wp-block-heading\"><strong>Nazwa zadania:<\/strong>&nbsp;dofinansowanie miejsc opieki w \u017c\u0142obku.&nbsp;Zadanie jest dofinansowane ze \u015brodk\u00f3w bud\u017cetu pa\u0144stwa.<\/h6>\n\n\n\n<h6 class=\"has-medium-font-size wp-block-heading\"><strong>Warto\u015b\u0107 dofinansowania:<\/strong>&nbsp;171 840 z\u0142<\/h6>\n\n\n\n<h6 class=\"has-medium-font-size wp-block-heading\"><strong>Ca\u0142kowita warto\u015b\u0107 zadania:<\/strong>&nbsp;285 600 z\u0142<\/h6>\n\n\n\n<h6 class=\"has-medium-font-size wp-block-heading\"><strong>Kr\u00f3tki opis:<\/strong><\/h6>\n\n\n\n<h6 class=\"has-medium-font-size wp-block-heading\"><em>Dofinansowanie z przeznaczeniem na realizacj\u0119 w roku 2021 zadania, z zakresu:<\/em><\/h6>\n\n\n\n<h6 class=\"has-medium-font-size wp-block-heading\">&#8211; tworzenia w 2021 r. nowych miejsc opieki nad dzie\u0107mi do lat 3 <\/h6>\n\n\n\n<h6 class=\"has-medium-font-size wp-block-heading\"><em> &#8211; zapewnienie funkcjonowania nowoutworzonych miejsc opieki nad dzie\u0107mi do lat 3 w tym dla dzieci niepe\u0142nosprawnych lub wymagaj\u0105cych szczeg\u00f3lnej opieki<\/em><\/h6>\n","protected":false},"excerpt":{"rendered":"<p>Rodzinom podopiecznych \u017b\u0142obka oferujemy: bezp\u0142atny udzia\u0142 w szkoleniach organizowanych przez Fundacj\u0119 Mali Wojownicy mo\u017cliwo\u015b\u0107 realizowania wczesnego wspomagania rozwoju dziecka (WWRD) na terenie budynku w razie potrzeby konsultacj\u0119 na miejscu z neurologoped\u0105, logoped\u0105, pedagogiem, psychologiem, fizjoterapeut\u0105 lub terapeut\u0105 SI doradztwo w sprawach wychowawczych i trudno\u015bciach rozwojowych dost\u0119p do Biblioteki zawieraj\u0105cej pozycje z zakresu pedagogiki, wychowania oraz [&hellip;]<\/p>\n","protected":false},"author":3,"featured_media":0,"parent":131,"menu_order":3,"comment_status":"closed","ping_status":"closed","template":"","meta":{"_crdt_document":"","_kadence_starter_templates_imported_post":false,"footnotes":""},"class_list":["post-696","page","type-page","status-publish","hentry"],"_links":{"self":[{"href":"https:\/\/maliwojownicy.org\/index.php\/wp-json\/wp\/v2\/pages\/696","targetHints":{"allow":["GET"]}}],"collection":[{"href":"https:\/\/maliwojownicy.org\/index.php\/wp-json\/wp\/v2\/pages"}],"about":[{"href":"https:\/\/maliwojownicy.org\/index.php\/wp-json\/wp\/v2\/types\/page"}],"author":[{"embeddable":true,"href":"https:\/\/maliwojownicy.org\/index.php\/wp-json\/wp\/v2\/users\/3"}],"replies":[{"embeddable":true,"href":"https:\/\/maliwojownicy.org\/index.php\/wp-json\/wp\/v2\/comments?post=696"}],"version-history":[{"count":0,"href":"https:\/\/maliwojownicy.org\/index.php\/wp-json\/wp\/v2\/pages\/696\/revisions"}],"up":[{"embeddable":true,"href":"https:\/\/maliwojownicy.org\/index.php\/wp-json\/wp\/v2\/pages\/131"}],"wp:attachment":[{"href":"https:\/\/maliwojownicy.org\/index.php\/wp-json\/wp\/v2\/media?parent=696"}],"curies":[{"name":"wp","href":"https:\/\/api.w.org\/{rel}","templated":true}]}}