{"id":692,"date":"2020-05-09T10:54:27","date_gmt":"2020-05-09T10:54:27","guid":{"rendered":"http:\/\/maliwojownicy.org\/?page_id=692"},"modified":"2026-03-26T14:07:16","modified_gmt":"2026-03-26T13:07:16","slug":"kadra","status":"publish","type":"page","link":"https:\/\/maliwojownicy.org\/index.php\/zlobekwesolesloneczka\/kadra\/","title":{"rendered":"Kadra \u017c\u0142obka"},"content":{"rendered":"\n<h2 class=\"wp-block-heading is-style-text-display has-text-color has-link-color wp-elements-f9b8a857cb635546abdbe002fdce24a0 is-style-text-display--1\" style=\"color:#a452c7\"><strong>Kadra \u017c\u0142obka<\/strong><\/h2>\n\n\n\n<hr class=\"wp-block-separator has-alpha-channel-opacity\" style=\"margin-top:var(--wp--preset--spacing--40);margin-bottom:var(--wp--preset--spacing--40)\"\/>\n\n\n\n<div class=\"wp-block-media-text is-stacked-on-mobile is-vertically-aligned-center has-custom-css wp-custom-css-f1c63400\" style=\"grid-template-columns:40% auto\"><figure class=\"wp-block-media-text__media\"><img loading=\"lazy\" decoding=\"async\" width=\"768\" height=\"1024\" src=\"https:\/\/maliwojownicy.org\/wp-content\/uploads\/2026\/03\/IMG_6021-768x1024.jpeg\" alt=\"\" class=\"wp-image-2192 size-full\" srcset=\"https:\/\/maliwojownicy.org\/wp-content\/uploads\/2026\/03\/IMG_6021-768x1024.jpeg 768w, https:\/\/maliwojownicy.org\/wp-content\/uploads\/2026\/03\/IMG_6021-225x300.jpeg 225w, https:\/\/maliwojownicy.org\/wp-content\/uploads\/2026\/03\/IMG_6021-1152x1536.jpeg 1152w, https:\/\/maliwojownicy.org\/wp-content\/uploads\/2026\/03\/IMG_6021-1536x2048.jpeg 1536w, https:\/\/maliwojownicy.org\/wp-content\/uploads\/2026\/03\/IMG_6021-scaled.jpeg 1920w\" sizes=\"auto, (max-width: 768px) 100vw, 768px\" \/><\/figure><div class=\"wp-block-media-text__content\">\n<p class=\"wp-block-paragraph\"><strong><em>Dyrektorka: mgr Sylwia Weso\u0142owska<\/em><\/strong><\/p>\n\n\n\n<p class=\"has-medium-font-size wp-block-paragraph\">Pani Sylwia to do\u015bwiadczona pedagog z wieloletni\u0105 praktyk\u0105 w pracy z dzie\u0107mi oraz w zarz\u0105dzaniu plac\u00f3wkami edukacyjnymi.<\/p>\n\n\n\n<p class=\"has-medium-font-size wp-block-paragraph\">Uko\u0144czy\u0142a studia magisterskie na kierunku pedagogika wczesnoszkolna na Wydziale Pedagogiki i Psychologii Uniwersytetu w Bia\u0142ymstoku. Posiada r\u00f3wnie\u017c kwalifikacje z zakresu zarz\u0105dzania o\u015bwiat\u0105 oraz uko\u0144czony kurs trenera inspiracji.<\/p>\n\n\n\n<p class=\"has-medium-font-size wp-block-paragraph\">Swoje kompetencje rozwija\u0142a tak\u017ce w obszarze pedagogiki Montessori \u2013 pe\u0142ni\u0142a funkcj\u0119 dyrektora przedszkola niepublicznego, w kt\u00f3rym wykorzystywano elementy tej metody, oraz uczestniczy\u0142a w kursie dotycz\u0105cym pomocy Montessori.<\/p>\n\n\n\n<p class=\"has-medium-font-size wp-block-paragraph\">Do\u015bwiadczenie zawodowe zdobywa\u0142a jako nauczyciel w przedszkolach publicznych i prywatnych, zar\u00f3wno w \u015brodowisku miejskim, jak i wiejskim. W latach 2008\u20132015 by\u0142a dyrektorem przedszkola niepublicznego, a nast\u0119pnie pe\u0142ni\u0142a funkcj\u0119 dyrektora \u017c\u0142obka prywatnego. Pracowa\u0142a r\u00f3wnie\u017c jako asystentka na Wydziale Nauk o Wychowaniu NWSP, prowadz\u0105c zaj\u0119cia z zakresu pedagogiki przedszkolnej, teorii wychowania oraz dydaktyki og\u00f3lnej. Jest za\u0142o\u017cycielk\u0105 i Prezesk\u0105 Fundacji Mali Wojownicy.<\/p>\n\n\n\n<p class=\"has-medium-font-size wp-block-paragraph\">Regularnie podnosi swoje kwalifikacje, uczestnicz\u0105c w licznych szkoleniach dotycz\u0105cych m.in. integracji sensorycznej, masa\u017cu logopedycznego, wspierania rozwoju dzieci, rozwoju mowy, komunikacji alternatywnej i wspomagaj\u0105cej oraz jako\u015bci edukacji.<\/p>\n\n\n\n<p class=\"has-medium-font-size wp-block-paragraph\">W swojej pracy stawia na wszechstronne wspieranie rozwoju dzieci, z uwzgl\u0119dnieniem ich indywidualnych potrzeb i mo\u017cliwo\u015bci. D\u0105\u017cy do tworzenia \u015brodowiska opartego na szacunku, otwarto\u015bci i akceptacji, w kt\u00f3rym ka\u017cde dziecko mo\u017ce rozwija\u0107 si\u0119 we w\u0142asnym tempie.<\/p>\n<\/div><\/div>\n\n\n\n<hr class=\"wp-block-separator has-alpha-channel-opacity\"\/>\n\n\n\n<div class=\"wp-block-media-text is-stacked-on-mobile\" style=\"grid-template-columns:40% auto\"><figure class=\"wp-block-media-text__media\"><img loading=\"lazy\" decoding=\"async\" width=\"768\" height=\"1024\" src=\"https:\/\/maliwojownicy.org\/wp-content\/uploads\/2026\/03\/IMG_6081-768x1024.jpeg\" alt=\"\" class=\"wp-image-2293 size-full\" srcset=\"https:\/\/maliwojownicy.org\/wp-content\/uploads\/2026\/03\/IMG_6081-768x1024.jpeg 768w, https:\/\/maliwojownicy.org\/wp-content\/uploads\/2026\/03\/IMG_6081-225x300.jpeg 225w, https:\/\/maliwojownicy.org\/wp-content\/uploads\/2026\/03\/IMG_6081-1152x1536.jpeg 1152w, https:\/\/maliwojownicy.org\/wp-content\/uploads\/2026\/03\/IMG_6081-1536x2048.jpeg 1536w, https:\/\/maliwojownicy.org\/wp-content\/uploads\/2026\/03\/IMG_6081-scaled.jpeg 1920w\" sizes=\"auto, (max-width: 768px) 100vw, 768px\" \/><\/figure><div class=\"wp-block-media-text__content\">\n<p class=\"wp-block-paragraph\"><strong><em>Zast\u0119pczyni dyrektorki: Rozalia Dzieko\u0144ska<\/em><\/strong><\/p>\n\n\n\n<p class=\"has-custom-css has-medium-font-size wp-custom-css-d3623a60 wp-block-paragraph\">Rozalia pe\u0142ni funkcj\u0119 zast\u0119pczyni dyrektorki \u017c\u0142obka \u201eWeso\u0142e S\u0142oneczka\u201d, z kt\u00f3rym zwi\u0105zana jest od wrze\u015bnia 2022 roku.<\/p>\n\n\n\n<p class=\"has-custom-css has-medium-font-size wp-custom-css-a533b744 wp-block-paragraph\">Uko\u0144czy\u0142a szko\u0142\u0119 na kierunku opiekunka dzieci\u0119ca, zdaj\u0105c egzaminy pa\u0144stwowe. Posiada bogate do\u015bwiadczenie w pracy z dzie\u0107mi \u2013 wcze\u015bniej pracowa\u0142a w przedszkolu oraz jako animatorka dzieci\u0119ca. Obecnie prowadzi r\u00f3wnie\u017c zaj\u0119cia z kodowania.<\/p>\n\n\n\n<p class=\"has-custom-css has-medium-font-size wp-custom-css-9ca69497 wp-block-paragraph\">Na co dzie\u0144 pracuje tak\u017ce z dzie\u0107mi poza plac\u00f3wk\u0105, w tym z dzie\u0107mi z niepe\u0142nosprawno\u015bciami. Jest r\u00f3wnie\u017c asystentem os\u00f3b niepe\u0142nosprawnych, co pozwala jej lepiej rozumie\u0107 potrzeby podopiecznych.<\/p>\n\n\n\n<p class=\"has-custom-css has-medium-font-size wp-custom-css-3315189c wp-block-paragraph\">W ostatnim czasie uko\u0144czy\u0142a szkolenie MNRI\u00ae terapii NeuroTaktylnej. Stale poszerza swoj\u0105 wiedz\u0119 i umiej\u0119tno\u015bci, bior\u0105c udzia\u0142 w szkoleniach.<\/p>\n\n\n\n<p class=\"has-custom-css has-medium-font-size wp-custom-css-5f21ee94 wp-block-paragraph\">W swojej pracy stawia na wszechstronny rozw\u00f3j dziecka, dostosowuj\u0105c aktywno\u015bci do jego indywidualnych potrzeb i mo\u017cliwo\u015bci oraz wspieraj\u0105c jego samodzielno\u015b\u0107, aby mog\u0142o z rado\u015bci\u0105 i pewno\u015bci\u0105 siebie rozpocz\u0105\u0107 przygod\u0119 z przedszkolem.<\/p>\n<\/div><\/div>\n\n\n\n<hr class=\"wp-block-separator has-alpha-channel-opacity\" style=\"margin-top:var(--wp--preset--spacing--40);margin-bottom:var(--wp--preset--spacing--40)\"\/>\n\n\n\n<hr class=\"wp-block-separator has-alpha-channel-opacity\" style=\"margin-top:var(--wp--preset--spacing--40);margin-bottom:var(--wp--preset--spacing--40)\"\/>\n\n\n\n<div class=\"wp-block-media-text is-stacked-on-mobile\" style=\"grid-template-columns:40% auto\"><figure class=\"wp-block-media-text__media\"><img loading=\"lazy\" decoding=\"async\" width=\"913\" height=\"1024\" src=\"https:\/\/maliwojownicy.org\/wp-content\/uploads\/2026\/03\/IMG_6078-913x1024.jpeg\" alt=\"\" class=\"wp-image-2286 size-full\" srcset=\"https:\/\/maliwojownicy.org\/wp-content\/uploads\/2026\/03\/IMG_6078-913x1024.jpeg 913w, https:\/\/maliwojownicy.org\/wp-content\/uploads\/2026\/03\/IMG_6078-267x300.jpeg 267w, https:\/\/maliwojownicy.org\/wp-content\/uploads\/2026\/03\/IMG_6078-768x861.jpeg 768w, https:\/\/maliwojownicy.org\/wp-content\/uploads\/2026\/03\/IMG_6078-1370x1536.jpeg 1370w, https:\/\/maliwojownicy.org\/wp-content\/uploads\/2026\/03\/IMG_6078-1826x2048.jpeg 1826w, https:\/\/maliwojownicy.org\/wp-content\/uploads\/2026\/03\/IMG_6078.jpeg 2024w\" sizes=\"auto, (max-width: 913px) 100vw, 913px\" \/><\/figure><div class=\"wp-block-media-text__content\">\n<p class=\"has-text-align-center wp-block-paragraph\" style=\"font-style:normal;font-weight:400\"><strong><em>Opiekunki<\/em><\/strong><\/p>\n\n\n\n<p class=\"has-custom-css has-medium-font-size wp-custom-css-b9e41294 wp-block-paragraph\">Kadra \u017c\u0142obka \u201eWeso\u0142e S\u0142oneczka\u201d to zesp\u00f3\u0142 trzech zaanga\u017cowanych opiekunek: Rozalii, Kasi i Patrycji, kt\u00f3re \u0142\u0105czy do\u015bwiadczenie, profesjonalizm i pasja do pracy z dzie\u0107mi.<\/p>\n\n\n\n<p class=\"has-custom-css has-medium-font-size wp-custom-css-90d5f084 wp-block-paragraph\"><strong>Rozalia<\/strong> pracuje w \u017c\u0142obku od 2022 roku. Jest wykwalifikowan\u0105 opiekunk\u0105 dzieci\u0119c\u0105 z do\u015bwiadczeniem w przedszkolu i jako animatorka. Prowadzi zaj\u0119cia z kodowania oraz posiada szkolenie MNRI\u00ae terapii NeuroTaktylnej. Wspiera tak\u017ce dzieci z niepe\u0142nosprawno\u015bciami, dbaj\u0105c o ich indywidualne potrzeby i rozw\u00f3j.<\/p>\n\n\n\n<p class=\"has-custom-css has-medium-font-size wp-custom-css-4f118568 wp-block-paragraph\"><strong>Kasia<\/strong> posiada solidne przygotowanie zawodowe oraz do\u015bwiadczenie zdobyte m.in. podczas zagranicznych praktyk w Hiszpanii i Grecji w ramach programu Erasmus+. Jest osob\u0105 ciep\u0142\u0105 i troskliw\u0105, stale rozwijaj\u0105c\u0105 swoje kompetencje.<\/p>\n\n\n\n<p class=\"has-custom-css has-medium-font-size wp-custom-css-65309c83 wp-block-paragraph\"><strong>Patrycja<\/strong> pracuje w \u017c\u0142obku od 2023 roku. Do\u015bwiadczenie zdobywa\u0142a jako wychowawca kolonijny i w \u017c\u0142obku miejskim. W pracy kieruje si\u0119 cierpliwo\u015bci\u0105, empati\u0105 i pozytywn\u0105 energi\u0105, dbaj\u0105c o dobre samopoczucie dzieci.<\/p>\n\n\n\n<p class=\"has-custom-css has-medium-font-size wp-custom-css-631f3168 wp-block-paragraph\">Wszystkie opiekunki tworz\u0105 bezpieczne, pe\u0142ne ciep\u0142a \u015brodowisko, wspieraj\u0105c rozw\u00f3j dzieci i buduj\u0105c ich poczucie bezpiecze\u0144stwa oraz rado\u015bci.<\/p>\n<\/div><\/div>\n\n\n\n<hr class=\"wp-block-separator has-alpha-channel-opacity\"\/>\n","protected":false},"excerpt":{"rendered":"<p>Kadra \u017c\u0142obka Dyrektorka: mgr Sylwia Weso\u0142owska Pani Sylwia to do\u015bwiadczona pedagog z wieloletni\u0105 praktyk\u0105 w pracy z dzie\u0107mi oraz w zarz\u0105dzaniu plac\u00f3wkami edukacyjnymi. Uko\u0144czy\u0142a studia magisterskie na kierunku pedagogika wczesnoszkolna na Wydziale Pedagogiki i Psychologii Uniwersytetu w Bia\u0142ymstoku. Posiada r\u00f3wnie\u017c kwalifikacje z zakresu zarz\u0105dzania o\u015bwiat\u0105 oraz uko\u0144czony kurs trenera inspiracji. Swoje kompetencje rozwija\u0142a tak\u017ce w [&hellip;]<\/p>\n","protected":false},"author":3,"featured_media":0,"parent":131,"menu_order":1,"comment_status":"closed","ping_status":"closed","template":"","meta":{"_crdt_document":"","_kadence_starter_templates_imported_post":false,"footnotes":""},"class_list":["post-692","page","type-page","status-publish","hentry"],"_links":{"self":[{"href":"https:\/\/maliwojownicy.org\/index.php\/wp-json\/wp\/v2\/pages\/692","targetHints":{"allow":["GET"]}}],"collection":[{"href":"https:\/\/maliwojownicy.org\/index.php\/wp-json\/wp\/v2\/pages"}],"about":[{"href":"https:\/\/maliwojownicy.org\/index.php\/wp-json\/wp\/v2\/types\/page"}],"author":[{"embeddable":true,"href":"https:\/\/maliwojownicy.org\/index.php\/wp-json\/wp\/v2\/users\/3"}],"replies":[{"embeddable":true,"href":"https:\/\/maliwojownicy.org\/index.php\/wp-json\/wp\/v2\/comments?post=692"}],"version-history":[{"count":4,"href":"https:\/\/maliwojownicy.org\/index.php\/wp-json\/wp\/v2\/pages\/692\/revisions"}],"predecessor-version":[{"id":2294,"href":"https:\/\/maliwojownicy.org\/index.php\/wp-json\/wp\/v2\/pages\/692\/revisions\/2294"}],"up":[{"embeddable":true,"href":"https:\/\/maliwojownicy.org\/index.php\/wp-json\/wp\/v2\/pages\/131"}],"wp:attachment":[{"href":"https:\/\/maliwojownicy.org\/index.php\/wp-json\/wp\/v2\/media?parent=692"}],"curies":[{"name":"wp","href":"https:\/\/api.w.org\/{rel}","templated":true}]}}