{"id":680,"date":"2020-05-09T10:49:20","date_gmt":"2020-05-09T10:49:20","guid":{"rendered":"http:\/\/maliwojownicy.org\/?page_id=680"},"modified":"2026-03-26T14:12:53","modified_gmt":"2026-03-26T13:12:53","slug":"przedszkole-niepubliczne-dzielne-zuchy-podmenu-2","status":"publish","type":"page","link":"https:\/\/maliwojownicy.org\/index.php\/przedszkoledzielnezuchy\/przedszkole-niepubliczne-dzielne-zuchy-podmenu-2\/","title":{"rendered":"Kadra Przedszkola"},"content":{"rendered":"\n<h2 class=\"wp-block-heading is-style-text-display has-text-color has-link-color wp-elements-630c5b09738bf4fd1a37c1ce173a9232 is-style-text-display--1\" style=\"color:#9a42ff\"><strong>Kadra przedszkola<\/strong><\/h2>\n\n\n\n<hr class=\"wp-block-separator has-alpha-channel-opacity\"\/>\n\n\n\n<div class=\"wp-block-media-text is-stacked-on-mobile has-custom-css wp-custom-css-51eddef7\" style=\"grid-template-columns:30% auto\"><figure class=\"wp-block-media-text__media\"><img loading=\"lazy\" decoding=\"async\" width=\"768\" height=\"1024\" src=\"https:\/\/maliwojownicy.org\/wp-content\/uploads\/2026\/03\/IMG_6064-768x1024.jpeg\" alt=\"{\n    text-align: justify;\n}\" class=\"wp-image-2262 size-full\" srcset=\"https:\/\/maliwojownicy.org\/wp-content\/uploads\/2026\/03\/IMG_6064-768x1024.jpeg 768w, https:\/\/maliwojownicy.org\/wp-content\/uploads\/2026\/03\/IMG_6064-225x300.jpeg 225w, https:\/\/maliwojownicy.org\/wp-content\/uploads\/2026\/03\/IMG_6064-767x1023.jpeg 767w, https:\/\/maliwojownicy.org\/wp-content\/uploads\/2026\/03\/IMG_6064-1152x1536.jpeg 1152w, https:\/\/maliwojownicy.org\/wp-content\/uploads\/2026\/03\/IMG_6064-1536x2048.jpeg 1536w, https:\/\/maliwojownicy.org\/wp-content\/uploads\/2026\/03\/IMG_6064-scaled.jpeg 1920w\" sizes=\"auto, (max-width: 768px) 100vw, 768px\" \/><\/figure><div class=\"wp-block-media-text__content\">\n<p class=\"is-style-default wp-block-paragraph\"><strong><em>Dyrektorka: mgr Ewa Czygier<\/em><\/strong><\/p>\n\n\n\n<p class=\"has-custom-css has-medium-font-size wp-custom-css-fb662a41 wp-block-paragraph\">Ewa Czygier jest nauczycielem mianowanym z wieloletnim do\u015bwiadczeniem w pracy <br>z dzie\u0107mi. Swoj\u0105 drog\u0119 zawodow\u0105 rozpocz\u0119\u0142a w \u017c\u0142obku, a nast\u0119pnie rozwija\u0142a j\u0105 w przedszkolu. Z nasz\u0105 plac\u00f3wk\u0105 zwi\u0105zana jest od pocz\u0105tku jej funkcjonowania, czyli od wrze\u015bnia 2019 roku. Obecnie pe\u0142ni funkcj\u0119 dyrektora przedszkola oraz wychowawczyni grupy \u201eJe\u017cyki\u201d. Organizuje prac\u0119 przedszkola, monitoruje realizacj\u0119 podstawy programowej oraz wspiera funkcjonowanie ca\u0142ej plac\u00f3wki.<\/p>\n\n\n\n<p class=\"has-custom-css has-medium-font-size wp-custom-css-859e3587 wp-block-paragraph\">Uko\u0144czy\u0142a studia licencjackie na kierunku pedagogika przedszkolna oraz studia magisterskie na kierunku pedagogika wczesnoszkolna z przedszkoln\u0105 (Wydzia\u0142 Pedagogiki i Psychologii UwB), a tak\u017ce kurs kwalifikacyjny z zakresu zarz\u0105dzania o\u015bwiat\u0105. Jest r\u00f3wnie\u017c absolwentk\u0105 studi\u00f3w podyplomowych na kierunku \u201eEdukacja i terapia os\u00f3b ze spektrum autyzmu z elementami integracji sensorycznej\u201d.<\/p>\n\n\n\n<p class=\"has-custom-css has-medium-font-size wp-custom-css-84d3a8b0 wp-block-paragraph\">W swojej pracy wykorzystuje elementy pedagogiki Marii Montessori \u2013 uko\u0144czy\u0142a I stopie\u0144 kursu \u201ePedagogika Marii Montessori w wychowaniu przedszkolnym\u201d, Kurs Wczesne dzieci\u0144stwo w pedagogice Marii Montessori &#8211; wychowanie dziecka do lat 3 oraz bra\u0142a udzia\u0142 w warsztatach z cyklu \u201e\u0141\u0105czy nas Montessori\u201d.<\/p>\n\n\n\n<p class=\"has-custom-css has-medium-font-size wp-custom-css-1a182400 wp-block-paragraph\">Systematycznie podnosi swoje kwalifikacje, uczestnicz\u0105c w licznych szkoleniach i kursach, m.in. z zakresu integracji odruch\u00f3w wg Sally Goddard, Ruchu Rozwijaj\u0105cego wg Weroniki Sherborne (I i II stopie\u0144), Treningu Umiej\u0119tno\u015bci Spo\u0142ecznych (TUS), terapii behawioralnej, terapii NeuroTaktylnej MNRI\u00ae, KORP i KOGS, a tak\u017ce pracy z wykorzystaniem Empathy Dolls. Posiada r\u00f3wnie\u017c kwalifikacje do prowadzenia terapii r\u0119ki. Uczestniczy\u0142a w szkoleniach dotycz\u0105cych m.in. autyzmu, zaburze\u0144 widzenia, op\u00f3\u017anionego rozwoju mowy, PECS, dysleksji, terapii metod\u0105 INPP, zaburze\u0144 integracji sensorycznej, wybi\u00f3rczo\u015bci pokarmowej, karmienia terapeutycznego, mutyzmu oraz profilaktyki trudnych zachowa\u0144 u dzieci z niepe\u0142nosprawno\u015bciami.<\/p>\n\n\n\n<p class=\"has-custom-css has-medium-font-size wp-custom-css-37228199 wp-block-paragraph\">Prowadzi zaj\u0119cia terapeutyczne, w tym terapi\u0119 r\u0119ki, zaj\u0119cia metod\u0105 Empathy Dolls, szczeg\u00f3lnie bliski jej sercu Ruch Rozwijaj\u0105cy wg Weroniki Sherborne oraz terapi\u0119 NeuroTaktyln\u0105 MNRI\u00ae<\/p>\n\n\n\n<p class=\"has-custom-css has-medium-font-size wp-custom-css-d62c40cb wp-block-paragraph\">Szczeg\u00f3ln\u0105 satysfakcj\u0119 czerpie z pracy z dzie\u0107mi wymagaj\u0105cymi dodatkowego wsparcia, <br>a jednym z jej obszar\u00f3w zainteresowa\u0144 jest tematyka wybi\u00f3rczo\u015bci pokarmowej.<\/p>\n\n\n\n<p class=\"has-custom-css has-medium-font-size wp-custom-css-c3804190 wp-block-paragraph\">W swojej pracy kieruje si\u0119 przede wszystkim dobrem dziecka. Stawia na jego samodzielno\u015b\u0107, indywidualny rozw\u00f3j oraz budowanie poczucia bezpiecze\u0144stwa. <br>Dba o tworzenie warunk\u00f3w sprzyjaj\u0105cych harmonijnemu rozwojowi ka\u017cdego wychowanka. Aktywnie wprowadza r\u00f3wnie\u017c nowe programy edukacyjne, takie jak \u201ePoznajmy Kraje Unii Europejskiej\u201d.<\/p>\n\n\n\n<p class=\"has-custom-css has-medium-font-size wp-custom-css-fd156c6b wp-block-paragraph\">Prywatnie jest szcz\u0119\u015bliw\u0105 i kochaj\u0105ca \u017con\u0105 oraz mam\u0105 wspania\u0142ego Filipka. Lubi\u0105ca podr\u00f3\u017ce i ceni\u0105ca sobie ka\u017cd\u0105 wsp\u00f3ln\u0105 chwil\u0119 sp\u0119dzona z rodzin\u0105. Odpr\u0119\u017ca ja gotowanie <br>i czas sp\u0119dzony w ogrodzie.<\/p>\n<\/div><\/div>\n\n\n\n<hr class=\"wp-block-separator has-alpha-channel-opacity\" style=\"margin-top:var(--wp--preset--spacing--50);margin-bottom:var(--wp--preset--spacing--50)\"\/>\n\n\n\n<div class=\"wp-block-media-text is-stacked-on-mobile\"><figure class=\"wp-block-media-text__media\"><img loading=\"lazy\" decoding=\"async\" width=\"1024\" height=\"965\" src=\"https:\/\/maliwojownicy.org\/wp-content\/uploads\/2026\/03\/IMG_6063-1024x965.jpeg\" alt=\"\" class=\"wp-image-2263 size-full\" srcset=\"https:\/\/maliwojownicy.org\/wp-content\/uploads\/2026\/03\/IMG_6063-1024x965.jpeg 1024w, https:\/\/maliwojownicy.org\/wp-content\/uploads\/2026\/03\/IMG_6063-300x283.jpeg 300w, https:\/\/maliwojownicy.org\/wp-content\/uploads\/2026\/03\/IMG_6063-767x723.jpeg 767w, https:\/\/maliwojownicy.org\/wp-content\/uploads\/2026\/03\/IMG_6063-1536x1447.jpeg 1536w, https:\/\/maliwojownicy.org\/wp-content\/uploads\/2026\/03\/IMG_6063.jpeg 2024w\" sizes=\"auto, (max-width: 1024px) 100vw, 1024px\" \/><\/figure><div class=\"wp-block-media-text__content\">\n<p class=\"has-text-align-center wp-block-paragraph\" style=\"font-style:normal;font-weight:400\"><strong><em>Grupa Je\u017cyki <\/em><\/strong><\/p>\n\n\n\n<p class=\"has-custom-css has-medium-font-size wp-custom-css-1db07cef wp-block-paragraph\">Grupa \u201eJe\u017cyki\u201d to miejsce sprzyjaj\u0105ce wszechstronnemu rozwojowi dzieci, oparte na atmosferze bezpiecze\u0144stwa, \u017cyczliwo\u015bci <br>i wzajemnego szacunku. Wspieramy rozw\u00f3j samodzielno\u015bci, ciekawo\u015bci poznawczej oraz umiej\u0119tno\u015bci spo\u0142ecznych wychowank\u00f3w.<br>Nad prawid\u0142owym rozwojem dzieci czuwa zaanga\u017cowany zesp\u00f3\u0142:<br>Pani Ewa \u2013 wychowawczyni grupy, kieruj\u0105ca si\u0119 dobrem dziecka, wspieraj\u0105ca jego indywidualny rozw\u00f3j i samodzielno\u015b\u0107.<br>Pani Dominika \u2013 wsp\u00f3\u0142organizuje proces kszta\u0142cenia, dbaj\u0105c <br>o potrzeby ka\u017cdego dziecka.<br>Pani Magda \u2013 z \u017cyczliwo\u015bci\u0105 wspiera dzieci w codziennych aktywno\u015bciach.<br>Pani Bo\u017cenka \u2013 troszczy si\u0119 o komfort i dobre samopoczucie wychowank\u00f3w.<br>Stawiamy na nauk\u0119 poprzez zabaw\u0119, rozwijanie kreatywno\u015bci oraz budowanie pozytywnych relacji. Naszym celem jest, aby ka\u017cde dziecko czu\u0142o si\u0119 bezpieczne, wa\u017cne i akceptowane.<br>Pracujemy z wykorzystaniem element\u00f3w metody Marii Montessori, rozwijaj\u0105c samodzielno\u015b\u0107 dzieci, indywidualne podej\u015bcie oraz nauk\u0119 poprzez dzia\u0142anie.<\/p>\n<\/div><\/div>\n\n\n\n<hr class=\"wp-block-separator has-alpha-channel-opacity\"\/>\n\n\n\n<div class=\"wp-block-media-text is-stacked-on-mobile\"><figure class=\"wp-block-media-text__media\"><img loading=\"lazy\" decoding=\"async\" width=\"1024\" height=\"879\" src=\"https:\/\/maliwojownicy.org\/wp-content\/uploads\/2026\/03\/IMG_6062-1024x879.jpeg\" alt=\"\" class=\"wp-image-2265 size-full\" srcset=\"https:\/\/maliwojownicy.org\/wp-content\/uploads\/2026\/03\/IMG_6062-1024x879.jpeg 1024w, https:\/\/maliwojownicy.org\/wp-content\/uploads\/2026\/03\/IMG_6062-300x258.jpeg 300w, https:\/\/maliwojownicy.org\/wp-content\/uploads\/2026\/03\/IMG_6062-768x659.jpeg 768w, https:\/\/maliwojownicy.org\/wp-content\/uploads\/2026\/03\/IMG_6062-1536x1319.jpeg 1536w, https:\/\/maliwojownicy.org\/wp-content\/uploads\/2026\/03\/IMG_6062.jpeg 2024w\" sizes=\"auto, (max-width: 1024px) 100vw, 1024px\" \/><\/figure><div class=\"wp-block-media-text__content\">\n<p class=\"has-text-align-center wp-block-paragraph\" style=\"font-style:normal;font-weight:400\"><strong><em>Grupa Liski<\/em><\/strong><\/p>\n\n\n\n<p class=\"has-custom-css has-medium-font-size wp-custom-css-bc17254f wp-block-paragraph\">Od lewej na zdj\u0119ciu:<\/p>\n\n\n\n<p class=\"has-custom-css has-medium-font-size wp-custom-css-56830916 wp-block-paragraph\">Pani Yuliia, pomoc nauczyciela, swoj\u0105 energi\u0105 i otwarto\u015bci\u0105 wspiera grup\u0119 w ka\u017cdej chwili dnia.&nbsp;<\/p>\n\n\n\n<p class=\"has-custom-css has-medium-font-size wp-custom-css-5bbd0508 wp-block-paragraph\">Pani Martyna, nauczycielka wsp\u00f3\u0142organizuj\u0105ca proces kszta\u0142cenia, pasjonatka podr\u00f3\u017cy i muzyki, wnosi do pracy tw\u00f3rczo\u015b\u0107 i rado\u015b\u0107 odkrywania.&nbsp;<\/p>\n\n\n\n<p class=\"has-custom-css has-medium-font-size wp-custom-css-d06317af wp-block-paragraph\">Pani Kinga, wychowawczyni grupy, \u0142\u0105czy codzienn\u0105 trosk\u0119 o przedszkolak\u00f3w z harcerskimi warto\u015bciami, kt\u00f3re praktykuje r\u00f3wnie\u017c jako komendantka szczepu.&nbsp;<\/p>\n\n\n\n<p class=\"has-custom-css has-medium-font-size wp-custom-css-12497a10 wp-block-paragraph\">Pani Ania, pomoc nauczyciela wsp\u00f3\u0142organizuj\u0105ca proces kszta\u0142cenia, swoj\u0105 ciep\u0142\u0105 i pomocn\u0105 obecno\u015bci\u0105 sprawia, \u017ce ka\u017cde dziecko czuje si\u0119 bezpiecznie.&nbsp;<\/p>\n\n\n\n<p class=\"has-custom-css has-medium-font-size wp-custom-css-60f6a3c2 wp-block-paragraph\">Razem tworz\u0105 zesp\u00f3\u0142, kt\u00f3remu przy\u015bwieca jeden cel \u2013 zapewni\u0107 ka\u017cdemu dziecku jak najlepszy start.<\/p>\n<\/div><\/div>\n\n\n\n<hr class=\"wp-block-separator has-alpha-channel-opacity\" style=\"margin-top:var(--wp--preset--spacing--40);margin-bottom:var(--wp--preset--spacing--40)\"\/>\n\n\n\n<div class=\"wp-block-media-text is-stacked-on-mobile\"><figure class=\"wp-block-media-text__media\"><img loading=\"lazy\" decoding=\"async\" width=\"1024\" height=\"855\" src=\"https:\/\/maliwojownicy.org\/wp-content\/uploads\/2026\/03\/IMG_6060-1024x855.jpeg\" alt=\"\" class=\"wp-image-2266 size-full\" srcset=\"https:\/\/maliwojownicy.org\/wp-content\/uploads\/2026\/03\/IMG_6060-1024x855.jpeg 1024w, https:\/\/maliwojownicy.org\/wp-content\/uploads\/2026\/03\/IMG_6060-300x250.jpeg 300w, https:\/\/maliwojownicy.org\/wp-content\/uploads\/2026\/03\/IMG_6060-768x641.jpeg 768w, https:\/\/maliwojownicy.org\/wp-content\/uploads\/2026\/03\/IMG_6060-1536x1283.jpeg 1536w, https:\/\/maliwojownicy.org\/wp-content\/uploads\/2026\/03\/IMG_6060.jpeg 2024w\" sizes=\"auto, (max-width: 1024px) 100vw, 1024px\" \/><\/figure><div class=\"wp-block-media-text__content\">\n<p class=\"has-text-align-center wp-block-paragraph\" style=\"font-style:normal;font-weight:400\"><strong><em>Grupa Wiewi\u00f3rki<\/em><\/strong><\/p>\n\n\n\n<p class=\"has-custom-css has-medium-font-size wp-custom-css-73623717 wp-block-paragraph\">Panie tworz\u0105 zgrany, pe\u0142en energii zesp\u00f3\u0142, kt\u00f3ry ka\u017cdego dnia z u\u015bmiechem i zaanga\u017cowaniem towarzyszy dzieciom w ich rozwoju. \u0141\u0105czy je pasja do pracy z najm\u0142odszymi, kreatywno\u015b\u0107 oraz otwarto\u015b\u0107 na ich pomys\u0142y i potrzeby.<\/p>\n\n\n\n<p class=\"has-custom-css has-medium-font-size wp-custom-css-0f1ac947 wp-block-paragraph\">Szczeg\u00f3ln\u0105 rado\u015b\u0107 sprawia wsp\u00f3lne tworzenie prac plastycznych \u2013 to w\u0142a\u015bnie w takich chwilach powstaj\u0105 nie tylko kolorowe dzie\u0142a, ale te\u017c pi\u0119kne wspomnienia. Kadra ch\u0119tnie anga\u017cuje dzieci w r\u00f3\u017cnorodne aktywno\u015bci sensoryczne, kt\u00f3re pozwalaj\u0105 im poznawa\u0107 \u015bwiat wszystkimi zmys\u0142ami, rozwija\u0107 ciekawo\u015b\u0107 i odkrywa\u0107 to, co nowe.<\/p>\n\n\n\n<p class=\"has-custom-css has-medium-font-size wp-custom-css-42a30e85 wp-block-paragraph\">Dbamy o to, aby ka\u017cdy dzie\u0144 by\u0142 pe\u0142en inspiracji, swobody dzia\u0142ania i radosnego odkrywania. Wspieramy dzieci w ich ma\u0142ych i du\u017cych krokach, motywuj\u0105c je do samodzielno\u015bci i poznawania \u015bwiata na sw\u00f3j w\u0142asny spos\u00f3b. Za tym u\u015bmiechem i codzienn\u0105 dawk\u0105 energii stoj\u0105: Monika, Natalia, Martyna, Ania.<\/p>\n<\/div><\/div>\n","protected":false},"excerpt":{"rendered":"<p>Kadra przedszkola Dyrektorka: mgr Ewa Czygier Ewa Czygier jest nauczycielem mianowanym z wieloletnim do\u015bwiadczeniem w pracy z dzie\u0107mi. Swoj\u0105 drog\u0119 zawodow\u0105 rozpocz\u0119\u0142a w \u017c\u0142obku, a nast\u0119pnie rozwija\u0142a j\u0105 w przedszkolu. Z nasz\u0105 plac\u00f3wk\u0105 zwi\u0105zana jest od pocz\u0105tku jej funkcjonowania, czyli od wrze\u015bnia 2019 roku. Obecnie pe\u0142ni funkcj\u0119 dyrektora przedszkola oraz wychowawczyni grupy \u201eJe\u017cyki\u201d. Organizuje prac\u0119 [&hellip;]<\/p>\n","protected":false},"author":3,"featured_media":0,"parent":75,"menu_order":1,"comment_status":"closed","ping_status":"closed","template":"","meta":{"_crdt_document":"","_kadence_starter_templates_imported_post":false,"footnotes":""},"class_list":["post-680","page","type-page","status-publish","hentry"],"_links":{"self":[{"href":"https:\/\/maliwojownicy.org\/index.php\/wp-json\/wp\/v2\/pages\/680","targetHints":{"allow":["GET"]}}],"collection":[{"href":"https:\/\/maliwojownicy.org\/index.php\/wp-json\/wp\/v2\/pages"}],"about":[{"href":"https:\/\/maliwojownicy.org\/index.php\/wp-json\/wp\/v2\/types\/page"}],"author":[{"embeddable":true,"href":"https:\/\/maliwojownicy.org\/index.php\/wp-json\/wp\/v2\/users\/3"}],"replies":[{"embeddable":true,"href":"https:\/\/maliwojownicy.org\/index.php\/wp-json\/wp\/v2\/comments?post=680"}],"version-history":[{"count":6,"href":"https:\/\/maliwojownicy.org\/index.php\/wp-json\/wp\/v2\/pages\/680\/revisions"}],"predecessor-version":[{"id":2295,"href":"https:\/\/maliwojownicy.org\/index.php\/wp-json\/wp\/v2\/pages\/680\/revisions\/2295"}],"up":[{"embeddable":true,"href":"https:\/\/maliwojownicy.org\/index.php\/wp-json\/wp\/v2\/pages\/75"}],"wp:attachment":[{"href":"https:\/\/maliwojownicy.org\/index.php\/wp-json\/wp\/v2\/media?parent=680"}],"curies":[{"name":"wp","href":"https:\/\/api.w.org\/{rel}","templated":true}]}}