{"id":61,"date":"2017-11-27T11:00:14","date_gmt":"2017-11-27T11:00:14","guid":{"rendered":"http:\/\/maliwojownicy.org\/?page_id=61"},"modified":"2026-04-09T13:41:22","modified_gmt":"2026-04-09T11:41:22","slug":"wazne-dla-rodzicow","status":"publish","type":"page","link":"https:\/\/maliwojownicy.org\/index.php\/wazne-dla-rodzicow\/","title":{"rendered":"Wa\u017cne dla rodzic\u00f3w"},"content":{"rendered":"\n<h2 class=\"wp-block-heading has-text-color has-link-color wp-elements-fbefd2864b7e48a34399d15870548038\" style=\"color:#6a01a7\"><strong>Wa\u017cne dla rodzic\u00f3w<\/strong><\/h2>\n\n\n\n<p class=\"wp-block-paragraph\"><span style=\"font-size: 14pt;\">W tym miejscu znajdziesz zar\u00f3wno informacje na temat r\u00f3\u017cnych form terapii i rehabilitacji oraz miejsc gdzie mo\u017cna je realizowa\u0107 na naszym terenie.<\/span><\/p>\n\n\n\n<p class=\"wp-block-paragraph\"><span style=\"font-size: 14pt;\">Dowiecie si\u0119 r\u00f3wnie\u017c najwa\u017cniejszych informacji o orzeczeniu o niepe\u0142nosprawno\u015bci, kszta\u0142ceniu specjalnym, opinii o potrzebie wczesnego wspomagania rozwoju. To miejsce w kt\u00f3rym znajdziesz te\u017c wiadomo\u015bci dotycz\u0105ce 1,5%, wsp\u00f3\u0142pracy z fundacjami oraz miejsc gdzie bezp\u0142atnie otrzymasz wsparcie dla siebie lub swojego dziecka.\u00a0<\/span><\/p>\n\n\n\n<div class=\"wp-block-buttons is-layout-flex wp-block-buttons-is-layout-flex\">\n<div class=\"wp-block-button\"><a class=\"wp-block-button__link has-background wp-element-button\" href=\"https:\/\/maliwojownicy.org\/index.php\/wazne-dla-rodzicow\/rehabilitacje-i-terapie\/\" style=\"background:linear-gradient(135deg,rgb(125,2,207) 0%,rgb(183,137,225) 100%)\">Rehabilitacje i terapie<\/a><\/div>\n\n\n\n<div class=\"wp-block-button\"><a class=\"wp-block-button__link has-background wp-element-button\" href=\"https:\/\/maliwojownicy.org\/index.php\/wazne-dla-rodzicow\/specjalisci-w-polsce\/\" style=\"background:linear-gradient(135deg,rgb(125,2,207) 0%,rgb(183,137,225) 100%)\">\u015awiadczenia i wsparcie<\/a><\/div>\n<\/div>\n","protected":false},"excerpt":{"rendered":"<p>Wa\u017cne dla rodzic\u00f3w W tym miejscu znajdziesz zar\u00f3wno informacje na temat r\u00f3\u017cnych form terapii i rehabilitacji oraz miejsc gdzie mo\u017cna je realizowa\u0107 na naszym terenie. Dowiecie si\u0119 r\u00f3wnie\u017c najwa\u017cniejszych informacji o orzeczeniu o niepe\u0142nosprawno\u015bci, kszta\u0142ceniu specjalnym, opinii o potrzebie wczesnego wspomagania rozwoju. To miejsce w kt\u00f3rym znajdziesz te\u017c wiadomo\u015bci dotycz\u0105ce 1,5%, wsp\u00f3\u0142pracy z fundacjami oraz [&hellip;]<\/p>\n","protected":false},"author":3,"featured_media":0,"parent":0,"menu_order":0,"comment_status":"closed","ping_status":"closed","template":"","meta":{"_crdt_document":"{\"document\":\"AAAG58WRhxVDOggmhjoABgIBAgoCQgBKAJoBAQIKAkJKAIIGAQIKAkJKAK4LAQMMAgECCgEBCEhKAIYBAQIKAQEISEoAXSgDJwAEACcABAAnACgEJwAoAScABwAoAycBBAAoAScAhwAoAycBBAAoACcAhwAoAycBBAAoACcAhwAoAycBBwAoAycAKAInAAQAKAAnAIcAKAMnACgCJwAEACgAJ\/sZnRlzdGF0ZXZlcnNpb25kb2N1bWVudGRhdGVkb2N1bWVudHNsdWdkb2N1bWVudHN0YXR1c2RvY3VtZW50dGl0bGVXYcW8bmUgZGxhIHJvZHppY8Ozd2RvY3VtZW50Y29udGVudDwhLS0gd3A6aGVhZGluZyB7InN0eWxlIjp7ImVsZW1lbnRzIjp7ImxpbmsiOnsiY29sb3IiOnsidGV4dCI6IiM2YTAxYTcifX19LCJjb2xvciI6eyJ0ZXh0IjoiIzZhMDFhNyJ9fX0gLS0+CjxoMiBjbGFzcz0id3AtYmxvY2staGVhZGluZyBoYXMtdGV4dC1jb2xvciBoYXMtbGluay1jb2xvciIgc3R5bGU9ImNvbG9yOiM2YTAxYTciPjxzdHJvbmc+V2HFvG5lIGRsYSByb2R6aWPDs3c8L3N0cm9uZz48L2gyPgo8IS0tIC93cDpoZWFkaW5nIC0tPgoKPCEtLSB3cDpwYXJhZ3JhcGggLS0+CjxwPjxzcGFuIHN0eWxlPSJmb250LXNpemU6IDE0cHQ7Ij5XIHR5bSBtaWVqc2N1IHpuYWpkemllc3ogemFyw7N3bm8gaW5mb3JtYWNqZSBuYSB0ZW1hdCByw7PFvG55Y2ggZm9ybSB0ZXJhcGlpIGkgcmVoYWJpbGl0YWNqaSBvcmF6IG1pZWpzYyBnZHppZSBtb8W8bmEgamUgcmVhbGl6b3dhxIcgbmEgbmFzenltIHRlcmVuaWUuPC9zcGFuPjwvcD4KPCEtLSAvd3A6cGFyYWdyYXBoIC0tPgoKPCEtLSB3cDpwYXJhZ3JhcGggLS0+CjxwPjxzcGFuIHN0eWxlPSJmb250LXNpemU6IDE0cHQ7Ij5Eb3dpZWNpZSBzacSZIHLDs3duaWXFvCBuYWp3YcW8bmllanN6eWNoIGluZm9ybWFjamkgbyBvcnplY3plbml1IG8gbmllcGXFgm5vc3ByYXdub8WbY2ksIGtzenRhxYJjZW5pdSBzcGVjamFsbnltLCBvcGluaWkgbyBwb3RyemViaWUgd2N6ZXNuZWdvIHdzcG9tYWdhbmlhIHJvendvanUuIFRvIG1pZWpzY2UgdyBrdMOzcnltIHpuYWpkemllc3ogdGXFvCB3aWFkb21vxZtjaSBkb3R5Y3rEhWNlIDEsNSUsIHdzcMOzxYJwcmFjeSB6IGZ1bmRhY2phbWkgb3JheiBtaWVqc2MgZ2R6aWUgYmV6cMWCYXRuaWUgb3RyenltYXN6IHdzcGFyY2llIGRsYSBzaWViaWUgbHViIHN3b2plZ28gZHppZWNrYS7CoDwvc3Bhbj48L3A+CjwhLS0gL3dwOnBhcmFncmFwaCAtLT4KCjwhLS0gd3A6YnV0dG9ucyAtLT4KPGRpdiBjbGFzcz0id3AtYmxvY2stYnV0dG9ucyI+PCEtLSB3cDpidXR0b24geyJzdHlsZSI6eyJjb2xvciI6eyJncmFkaWVudCI6ImxpbmVhci1ncmFkaWVudCgxMzVkZWcscmdiKDEyNSwyLDIwNykgMCUscmdiKDE4MywxMzcsMjI1KSAxMDAlKSJ9fX0gLS0+CjxkaXYgY2xhc3M9IndwLWJsb2NrLWJ1dHRvbiI+PGEgY2xhc3M9IndwLWJsb2NrLWJ1dHRvbl9fbGluayBoYXMtYmFja2dyb3VuZCB3cC1lbGVtZW50LWJ1dHRvbiIgaHJlZj0iaHR0cHM6Ly9tYWxpd29qb3duaWN5Lm9yZy9pbmRleC5waHAvd2F6bmUtZGxhLXJvZHppY293L3JlaGFiaWxpdGFjamUtaS10ZXJhcGllLyIgc3R5bGU9ImJhY2tncm91bmQ6bGluZWFyLWdyYWRpZW50KDEzNWRlZyxyZ2IoMTI1LDIsMjA3KSAwJSxyZ2IoMTgzLDEzNywyMjUpIDEwMCUpIj5SZWhhYmlsaXRhY2plIGkgdGVyYXBpZTwvYT48L2Rpdj4KPCEtLSAvd3A6YnV0dG9uIC0tPgoKPCEtLSB3cDpidXR0b24geyJzdHlsZSI6eyJjb2xvciI6eyJncmFkaWVudCI6ImxpbmVhci1ncmFkaWVudCgxMzVkZWcscmdiKDEyNSwyLDIwNykgMCUscmdiKDE4MywxMzcsMjI1KSAxMDAlKSJ9fX0gLS0+CjxkaXYgY2xhc3M9IndwLWJsb2NrLWJ1dHRvbiI+PGEgY2xhc3M9IndwLWJsb2NrLWJ1dHRvbl9fbGluayBoYXMtYmFja2dyb3VuZCB3cC1lbGVtZW50LWJ1dHRvbiIgaHJlZj0iaHR0cHM6Ly9tYWxpd29qb3duaWN5Lm9yZy9pbmRleC5waHAvd2F6bmUtZGxhLXJvZHppY293L3NwZWNqYWxpc2NpLXctcG9sc2NlLyIgc3R5bGU9ImJhY2tncm91bmQ6bGluZWFyLWdyYWRpZW50KDEzNWRlZyxyZ2IoMTI1LDIsMjA3KSAwJSxyZ2IoMTgzLDEzNywyMjUpIDEwMCUpIj7FmndpYWRjemVuaWEgaSB3c3BhcmNpZTwvYT48L2Rpdj4KPCEtLSAvd3A6YnV0dG9uIC0tPjwvZGl2Pgo8IS0tIC93cDpidXR0b25zIC0tPmRvY3VtZW50ZXhjZXJwdGRvY3VtZW50YXV0aG9yZG9jdW1lbnRmZWF0dXJlZF9tZWRpYWRvY3VtZW50Y29tbWVudF9zdGF0dXNkb2N1bWVudHBpbmdfc3RhdHVzZG9jdW1lbnR0ZW1wbGF0ZWRvY3VtZW50bWV0YV9rYWRlbmNlX3N0YXJ0ZXJfdGVtcGxhdGVzX2ltcG9ydGVkX3Bvc3Rmb290bm90ZXNkb2N1bWVudGJsb2Nrc2NsaWVudElkaXNWYWxpZG9yaWdpbmFsQ29udGVudG5hbWVhdHRyaWJ1dGVzY29udGVudDxzdHJvbmc+V2HFvG5lIGRsYSByb2R6aWPDs3c8L3N0cm9uZz5sZXZlbHN0eWxlaW5uZXJCbG9ja3NjbGllbnRJZGlzVmFsaWRvcmlnaW5hbENvbnRlbnRuYW1lYXR0cmlidXRlc2NvbnRlbnQ8c3BhbiBzdHlsZT0iZm9udC1zaXplOiAxNHB0OyI+VyB0eW0gbWllanNjdSB6bmFqZHppZXN6IHphcsOzd25vIGluZm9ybWFjamUgbmEgdGVtYXQgcsOzxbxueWNoIGZvcm0gdGVyYXBpaSBpIHJlaGFiaWxpdGFjamkgb3JheiBtaWVqc2MgZ2R6aWUgbW\/FvG5hIGplIHJlYWxpem93YcSHIG5hIG5hc3p5bSB0ZXJlbmllLjwvc3Bhbj5kcm9wQ2FwaW5uZXJCbG9ja3NjbGllbnRJZGlzVmFsaWRvcmlnaW5hbENvbnRlbnRuYW1lYXR0cmlidXRlc2NvbnRlbnQ8c3BhbiBzdHlsZT0iZm9udC1zaXplOiAxNHB0OyI+RG93aWVjaWUgc2nEmSByw7N3bmllxbwgbmFqd2HFvG5pZWpzenljaCBpbmZvcm1hY2ppIG8gb3J6ZWN6ZW5pdSBvIG5pZXBlxYJub3NwcmF3bm\/Fm2NpLCBrc3p0YcWCY2VuaXUgc3BlY2phbG55bSwgb3BpbmlpIG8gcG90cnplYmllIHdjemVzbmVnbyB3c3BvbWFnYW5pYSByb3p3b2p1LiBUbyBtaWVqc2NlIHcga3TDs3J5bSB6bmFqZHppZXN6IHRlxbwgd2lhZG9tb8WbY2kgZG90eWN6xIVjZSAxLDUlLCB3c3DDs8WCcHJhY3kgeiBmdW5kYWNqYW1pIG9yYXogbWllanNjIGdkemllIGJlenDFgmF0bmllIG90cnp5bWFzeiB3c3BhcmNpZSBkbGEgc2llYmllIGx1YiBzd29qZWdvIGR6aWVja2EuJm5ic3A7PC9zcGFuPmRyb3BDYXBpbm5lckJsb2Nrc2NsaWVudElkaXNWYWxpZG9yaWdpbmFsQ29udGVudG5hbWVhdHRyaWJ1dGVzaW5uZXJCbG9ja3NjbGllbnRJZGlzVmFsaWRvcmlnaW5hbENvbnRlbnRuYW1lYXR0cmlidXRlc3RhZ05hbWV0eXBldXJsdGV4dFJlaGFiaWxpdGFjamUgaSB0ZXJhcGllc3R5bGVpbm5lckJsb2Nrc2NsaWVudElkaXNWYWxpZG9yaWdpbmFsQ29udGVudG5hbWVhdHRyaWJ1dGVzdGFnTmFtZXR5cGV1cmx0ZXh0xZp3aWFkY3plbmlhIGkgd3NwYXJjaWVzdHlsZWlubmVyQmxvY2tzBQcIBAgECAYIBRIIB7wcCAcIBggOCA4IC0gBBCgJCAYIBw8ECgcjRQALCAcPBAoHuAIHCwgHDwQKB64FBwsIBw8ECgsIBw8ECgcEAwQXBQsIBw8ECgcEAwQWBQsPAQQAAAEAAAABBgABAQAAG0IBAQBBAAIAQQACAEEAAgBBAABBAAIAQQACAAJBLQFSAH0BdxMyMDE3LTExLTI3VDExOjAwOjE0dxJ3YXpuZS1kbGEtcm9kemljb3d3B3B1Ymxpc2h9A30AdwZjbG9zZWR3BmNsb3NlZHcAeXcAdyRlZjMzMDBhYy05Mzk0LTRhMDItYThlYS05Y2ZmOTgxZDY1YmZ4d3s8aDIgY2xhc3M9IndwLWJsb2NrLWhlYWRpbmcgaGFzLXRleHQtY29sb3IgaGFzLWxpbmstY29sb3IiIHN0eWxlPSJjb2xvcjojNmEwMWE3Ij48c3Ryb25nPldhxbxuZSBkbGEgcm9kemljw7N3PC9zdHJvbmc+PC9oMj53DGNvcmUvaGVhZGluZ30CdgIIZWxlbWVudHN2AQRsaW5rdgEFY29sb3J2AQR0ZXh0dwcjNmEwMWE3BWNvbG9ydgEEdGV4dHcHIzZhMDFhN3ckYmQ5MjI4MTctMGViOS00YThmLTlmN2MtODQ2M2MzMTkyMWQ3eHfEATxwPjxzcGFuIHN0eWxlPSJmb250LXNpemU6IDE0cHQ7Ij5XIHR5bSBtaWVqc2N1IHpuYWpkemllc3ogemFyw7N3bm8gaW5mb3JtYWNqZSBuYSB0ZW1hdCByw7PFvG55Y2ggZm9ybSB0ZXJhcGlpIGkgcmVoYWJpbGl0YWNqaSBvcmF6IG1pZWpzYyBnZHppZSBtb8W8bmEgamUgcmVhbGl6b3dhxIcgbmEgbmFzenltIHRlcmVuaWUuPC9zcGFuPjwvcD53DmNvcmUvcGFyYWdyYXBoeXckYjgwNGY2MWItZTc4My00MzNjLWExMjgtNzI5NzAxNzBiNmVheHf\/AjxwPjxzcGFuIHN0eWxlPSJmb250LXNpemU6IDE0cHQ7Ij5Eb3dpZWNpZSBzacSZIHLDs3duaWXFvCBuYWp3YcW8bmllanN6eWNoIGluZm9ybWFjamkgbyBvcnplY3plbml1IG8gbmllcGXFgm5vc3ByYXdub8WbY2ksIGtzenRhxYJjZW5pdSBzcGVjamFsbnltLCBvcGluaWkgbyBwb3RyemViaWUgd2N6ZXNuZWdvIHdzcG9tYWdhbmlhIHJvendvanUuIFRvIG1pZWpzY2UgdyBrdMOzcnltIHpuYWpkemllc3ogdGXFvCB3aWFkb21vxZtjaSBkb3R5Y3rEhWNlIDEsNSUsIHdzcMOzxYJwcmFjeSB6IGZ1bmRhY2phbWkgb3JheiBtaWVqc2MgZ2R6aWUgYmV6cMWCYXRuaWUgb3RyenltYXN6IHdzcGFyY2llIGRsYSBzaWViaWUgbHViIHN3b2plZ28gZHppZWNrYS7CoDwvc3Bhbj48L3A+dw5jb3JlL3BhcmFncmFwaHl3JGNkODRlOTA2LWFmMTctNDUxNS04OWZhLTQzMWJlMjcxMTYyZnh3JjxkaXYgY2xhc3M9IndwLWJsb2NrLWJ1dHRvbnMiPgoKPC9kaXY+dwxjb3JlL2J1dHRvbnN3JGQ2NGU5YjY3LWQ5YzAtNDhlNi04MzNlLWM4M2QwN2I4YWE1NHh3qgI8ZGl2IGNsYXNzPSJ3cC1ibG9jay1idXR0b24iPjxhIGNsYXNzPSJ3cC1ibG9jay1idXR0b25fX2xpbmsgaGFzLWJhY2tncm91bmQgd3AtZWxlbWVudC1idXR0b24iIGhyZWY9Imh0dHBzOi8vbWFsaXdvam93bmljeS5vcmcvaW5kZXgucGhwL3dhem5lLWRsYS1yb2R6aWNvdy9yZWhhYmlsaXRhY2plLWktdGVyYXBpZS8iIHN0eWxlPSJiYWNrZ3JvdW5kOmxpbmVhci1ncmFkaWVudCgxMzVkZWcscmdiKDEyNSwyLDIwNykgMCUscmdiKDE4MywxMzcsMjI1KSAxMDAlKSI+UmVoYWJpbGl0YWNqZSBpIHRlcmFwaWU8L2E+PC9kaXY+dwtjb3JlL2J1dHRvbncBYXcGYnV0dG9ud09odHRwczovL21hbGl3b2pvd25pY3kub3JnL2luZGV4LnBocC93YXpuZS1kbGEtcm9kemljb3cvcmVoYWJpbGl0YWNqZS1pLXRlcmFwaWUvdgEFY29sb3J2AQhncmFkaWVudHc\/bGluZWFyLWdyYWRpZW50KDEzNWRlZyxyZ2IoMTI1LDIsMjA3KSAwJSxyZ2IoMTgzLDEzNywyMjUpIDEwMCUpdyQ0OWY1NmUwYi1jODc1LTQyNzQtYTgzYS0wNWE3YTBkODZlMmJ4d6cCPGRpdiBjbGFzcz0id3AtYmxvY2stYnV0dG9uIj48YSBjbGFzcz0id3AtYmxvY2stYnV0dG9uX19saW5rIGhhcy1iYWNrZ3JvdW5kIHdwLWVsZW1lbnQtYnV0dG9uIiBocmVmPSJodHRwczovL21hbGl3b2pvd25pY3kub3JnL2luZGV4LnBocC93YXpuZS1kbGEtcm9kemljb3cvc3BlY2phbGlzY2ktdy1wb2xzY2UvIiBzdHlsZT0iYmFja2dyb3VuZDpsaW5lYXItZ3JhZGllbnQoMTM1ZGVnLHJnYigxMjUsMiwyMDcpIDAlLHJnYigxODMsMTM3LDIyNSkgMTAwJSkiPsWad2lhZGN6ZW5pYSBpIHdzcGFyY2llPC9hPjwvZGl2PncLY29yZS9idXR0b253AWF3BmJ1dHRvbndMaHR0cHM6Ly9tYWxpd29qb3duaWN5Lm9yZy9pbmRleC5waHAvd2F6bmUtZGxhLXJvZHppY293L3NwZWNqYWxpc2NpLXctcG9sc2NlL3YBBWNvbG9ydgEIZ3JhZGllbnR3P2xpbmVhci1ncmFkaWVudCgxMzVkZWcscmdiKDEyNSwyLDIwNykgMCUscmdiKDE4MywxMzcsMjI1KSAxMDAlKQA=\",\"updateId\":356264324}","_kadence_starter_templates_imported_post":false,"footnotes":""},"class_list":["post-61","page","type-page","status-publish","hentry"],"_links":{"self":[{"href":"https:\/\/maliwojownicy.org\/index.php\/wp-json\/wp\/v2\/pages\/61","targetHints":{"allow":["GET"]}}],"collection":[{"href":"https:\/\/maliwojownicy.org\/index.php\/wp-json\/wp\/v2\/pages"}],"about":[{"href":"https:\/\/maliwojownicy.org\/index.php\/wp-json\/wp\/v2\/types\/page"}],"author":[{"embeddable":true,"href":"https:\/\/maliwojownicy.org\/index.php\/wp-json\/wp\/v2\/users\/3"}],"replies":[{"embeddable":true,"href":"https:\/\/maliwojownicy.org\/index.php\/wp-json\/wp\/v2\/comments?post=61"}],"version-history":[{"count":2,"href":"https:\/\/maliwojownicy.org\/index.php\/wp-json\/wp\/v2\/pages\/61\/revisions"}],"predecessor-version":[{"id":2485,"href":"https:\/\/maliwojownicy.org\/index.php\/wp-json\/wp\/v2\/pages\/61\/revisions\/2485"}],"wp:attachment":[{"href":"https:\/\/maliwojownicy.org\/index.php\/wp-json\/wp\/v2\/media?parent=61"}],"curies":[{"name":"wp","href":"https:\/\/api.w.org\/{rel}","templated":true}]}}