{"id":533,"date":"2019-09-16T17:19:09","date_gmt":"2019-09-16T17:19:09","guid":{"rendered":"http:\/\/maliwojownicy.org\/?page_id=533"},"modified":"2019-09-16T17:19:09","modified_gmt":"2019-09-16T17:19:09","slug":"wczesniak-w-domu","status":"publish","type":"page","link":"https:\/\/maliwojownicy.org\/index.php\/wazne-dla-rodzicow\/wczesniak-w-domu\/","title":{"rendered":"Wcze\u015bniak w domu"},"content":{"rendered":"<p><span style=\"font-size: 14pt;\"><strong>Monitor oddechu<\/strong><\/span><\/p>\n<p><span style=\"font-size: 14pt;\">Kiedy rodzice maja zabra\u0107 wcze\u015bniaka do domu czuj\u0105 zar\u00f3wno rado\u015b\u0107 jak i strach. W szpitalu dziecko by\u0142o ca\u0142y czas monitorowane, a je\u017celi od pocz\u0105tku samo nie oddycha\u0142o, mia\u0142o bezdechy lub inne problemy z oddychaniem to strach jest podw\u00f3jny.<\/span><br \/>\n<span style=\"font-size: 14pt;\">Pomocny mo\u017ce by\u0107 w tym przypadku monitor oddechu. S\u0105 r\u00f3\u017cne opinie na jego temat. Niekt\u00f3re dzieci maja zalecenie przy wypisie zaopatrzenie w monitor czy nawet pulsoksymetr, inne nie. I wtedy to rodzice podejmuj\u0105 decyzje. Na<span class=\"text_exposed_show\">m kiedy\u015b docent powiedzia\u0142, \u017ce je\u015bli taki monitor pozwoli rodzicom przespa\u0107 noc w miar\u0119 spokojnie to ju\u017c jego zakup si\u0119 &#8222;zwraca&#8221;. I na szcz\u0119\u015bcie w wielu domach nigdy monitor nie musia\u0142 uruchamia\u0107 alarmu, ale w wielu te\u017c jego d\u017awi\u0119k wybudzi\u0142 malucha i &#8222;przypomnia\u0142&#8221; o oddychaniu.<\/span><\/span><\/p>\n<div class=\"text_exposed_show\">\n<p><span style=\"font-size: 14pt;\">Na rynku s\u0105 dwa typy: p\u0142ytkowy &#8211; do \u0142\u00f3\u017ceczka (takie nasza Fundacja ma do wypo\u017ceczenia) lub taki przypisany do pieluszki. Ka\u017cdy ma swoje wady i zalety. Ka\u017cdy swoja cen\u0119&#8230; Ale spok\u00f3j rodzic\u00f3w, ewentualny alarm s\u0105 bezcenne.<\/span><\/p>\n<\/div>\n","protected":false},"excerpt":{"rendered":"<p>Monitor oddechu Kiedy rodzice maja zabra\u0107 wcze\u015bniaka do domu czuj\u0105 zar\u00f3wno rado\u015b\u0107 jak i strach. W szpitalu dziecko by\u0142o ca\u0142y czas monitorowane, a je\u017celi od pocz\u0105tku samo nie oddycha\u0142o, mia\u0142o bezdechy lub inne problemy z oddychaniem to strach jest podw\u00f3jny. Pomocny mo\u017ce by\u0107 w tym przypadku monitor oddechu. S\u0105 r\u00f3\u017cne opinie na jego temat. Niekt\u00f3re [&hellip;]<\/p>\n","protected":false},"author":3,"featured_media":0,"parent":61,"menu_order":0,"comment_status":"closed","ping_status":"closed","template":"","meta":{"_crdt_document":"","_kadence_starter_templates_imported_post":false,"footnotes":""},"class_list":["post-533","page","type-page","status-publish","hentry"],"_links":{"self":[{"href":"https:\/\/maliwojownicy.org\/index.php\/wp-json\/wp\/v2\/pages\/533","targetHints":{"allow":["GET"]}}],"collection":[{"href":"https:\/\/maliwojownicy.org\/index.php\/wp-json\/wp\/v2\/pages"}],"about":[{"href":"https:\/\/maliwojownicy.org\/index.php\/wp-json\/wp\/v2\/types\/page"}],"author":[{"embeddable":true,"href":"https:\/\/maliwojownicy.org\/index.php\/wp-json\/wp\/v2\/users\/3"}],"replies":[{"embeddable":true,"href":"https:\/\/maliwojownicy.org\/index.php\/wp-json\/wp\/v2\/comments?post=533"}],"version-history":[{"count":0,"href":"https:\/\/maliwojownicy.org\/index.php\/wp-json\/wp\/v2\/pages\/533\/revisions"}],"up":[{"embeddable":true,"href":"https:\/\/maliwojownicy.org\/index.php\/wp-json\/wp\/v2\/pages\/61"}],"wp:attachment":[{"href":"https:\/\/maliwojownicy.org\/index.php\/wp-json\/wp\/v2\/media?parent=533"}],"curies":[{"name":"wp","href":"https:\/\/api.w.org\/{rel}","templated":true}]}}