{"id":46,"date":"2017-11-27T10:56:29","date_gmt":"2017-11-27T10:56:29","guid":{"rendered":"http:\/\/maliwojownicy.org\/?page_id=46"},"modified":"2026-03-31T08:51:15","modified_gmt":"2026-03-31T06:51:15","slug":"wolontariusze","status":"publish","type":"page","link":"https:\/\/maliwojownicy.org\/index.php\/o-nas\/wolontariusze\/","title":{"rendered":"Wolontariusze"},"content":{"rendered":"\n<h2 class=\"wp-block-heading has-text-color has-link-color wp-elements-edd40c21d4f67e05f0ba556e11c97bb7\" style=\"color:#7039a7\"><strong><em>Wolontariusze<\/em><\/strong><\/h2>\n\n\n\n<p class=\"wp-block-paragraph\">Nasz\u0105 fundacj\u0119 tworz\u0105 ludzie o wielkich sercach \u2013 wolontariusze, kt\u00f3rzy ka\u017cdego dnia dziel\u0105 si\u0119 swoim czasem, do\u015bwiadczeniem i zaanga\u017cowaniem, nios\u0105c realne wsparcie tym, kt\u00f3rzy najbardziej tego potrzebuj\u0105.<\/p>\n\n\n\n<p class=\"wp-block-paragraph\">W\u015br\u00f3d naszych wolontariuszy s\u0105 przede wszystkim rodzice wcze\u015bniak\u00f3w oraz dzieci <br>z niepe\u0142nosprawno\u015bciami. Dzi\u0119ki w\u0142asnym do\u015bwiadczeniom doskonale rozumiej\u0105 emocje i wyzwania, z jakimi mierz\u0105 si\u0119 inne rodziny. To w\u0142a\u015bnie oni utrzymuj\u0105 kontakt z rodzicami przebywaj\u0105cymi na oddzia\u0142ach, oferuj\u0105c im wsparcie, rozmow\u0119 i nadziej\u0119 w trudnych chwilach.<\/p>\n\n\n\n<p class=\"wp-block-paragraph\">Ogromn\u0105 rol\u0119 odgrywaj\u0105 tak\u017ce harcerze oraz studenci, kt\u00f3rzy z energi\u0105 i entuzjazmem anga\u017cuj\u0105 si\u0119 <br>w organizacj\u0119 wydarze\u0144, spotka\u0144 oraz inicjatyw integracyjnych. Ich pomoc sprawia, \u017ce mo\u017cemy dociera\u0107 do szerszego grona odbiorc\u00f3w i tworzy\u0107 przestrze\u0144 pe\u0142n\u0105 \u017cyczliwo\u015bci i wsparcia.<\/p>\n\n\n\n<p class=\"wp-block-paragraph\">Nieocenion\u0105 cz\u0119\u015bci\u0105 naszego zespo\u0142u s\u0105 r\u00f3wnie\u017c ludzie dobrej woli \u2013 osoby, kt\u00f3re inicjuj\u0105 zbi\u00f3rki, wspieraj\u0105 nas podczas wydarze\u0144 oraz aktywnie w\u0142\u0105czaj\u0105 si\u0119 w r\u00f3\u017cnorodne dzia\u0142ania fundacji. To dzi\u0119ki nim mo\u017cemy rozwija\u0107 nasze projekty i skuteczniej pomaga\u0107.<\/p>\n\n\n\n<p class=\"wp-block-paragraph\"><strong>Jak zosta\u0107 wolontariuszem?<\/strong><\/p>\n\n\n\n<p class=\"wp-block-paragraph\">Je\u015bli chcesz do\u0142\u0105czy\u0107 do naszego zespo\u0142u \u2013 skontaktuj si\u0119 z nami. Napisz lub zadzwo\u0144, a wsp\u00f3lnie znajdziemy obszar, w kt\u00f3rym Twoje zaanga\u017cowanie i umiej\u0119tno\u015bci b\u0119d\u0105 mog\u0142y przynie\u015b\u0107 realn\u0105 warto\u015b\u0107. Ka\u017cda forma wsparcia ma znaczenie.<\/p>\n","protected":false},"excerpt":{"rendered":"<p>Wolontariusze Nasz\u0105 fundacj\u0119 tworz\u0105 ludzie o wielkich sercach \u2013 wolontariusze, kt\u00f3rzy ka\u017cdego dnia dziel\u0105 si\u0119 swoim czasem, do\u015bwiadczeniem i zaanga\u017cowaniem, nios\u0105c realne wsparcie tym, kt\u00f3rzy najbardziej tego potrzebuj\u0105. W\u015br\u00f3d naszych wolontariuszy s\u0105 przede wszystkim rodzice wcze\u015bniak\u00f3w oraz dzieci z niepe\u0142nosprawno\u015bciami. Dzi\u0119ki w\u0142asnym do\u015bwiadczeniom doskonale rozumiej\u0105 emocje i wyzwania, z jakimi mierz\u0105 si\u0119 inne rodziny. To [&hellip;]<\/p>\n","protected":false},"author":3,"featured_media":0,"parent":31,"menu_order":0,"comment_status":"closed","ping_status":"closed","template":"","meta":{"_crdt_document":"","_kadence_starter_templates_imported_post":false,"footnotes":""},"class_list":["post-46","page","type-page","status-publish","hentry"],"_links":{"self":[{"href":"https:\/\/maliwojownicy.org\/index.php\/wp-json\/wp\/v2\/pages\/46","targetHints":{"allow":["GET"]}}],"collection":[{"href":"https:\/\/maliwojownicy.org\/index.php\/wp-json\/wp\/v2\/pages"}],"about":[{"href":"https:\/\/maliwojownicy.org\/index.php\/wp-json\/wp\/v2\/types\/page"}],"author":[{"embeddable":true,"href":"https:\/\/maliwojownicy.org\/index.php\/wp-json\/wp\/v2\/users\/3"}],"replies":[{"embeddable":true,"href":"https:\/\/maliwojownicy.org\/index.php\/wp-json\/wp\/v2\/comments?post=46"}],"version-history":[{"count":1,"href":"https:\/\/maliwojownicy.org\/index.php\/wp-json\/wp\/v2\/pages\/46\/revisions"}],"predecessor-version":[{"id":2357,"href":"https:\/\/maliwojownicy.org\/index.php\/wp-json\/wp\/v2\/pages\/46\/revisions\/2357"}],"up":[{"embeddable":true,"href":"https:\/\/maliwojownicy.org\/index.php\/wp-json\/wp\/v2\/pages\/31"}],"wp:attachment":[{"href":"https:\/\/maliwojownicy.org\/index.php\/wp-json\/wp\/v2\/media?parent=46"}],"curies":[{"name":"wp","href":"https:\/\/api.w.org\/{rel}","templated":true}]}}