{"id":36,"date":"2017-11-27T10:54:24","date_gmt":"2017-11-27T10:54:24","guid":{"rendered":"http:\/\/maliwojownicy.org\/?page_id=36"},"modified":"2017-11-27T10:54:24","modified_gmt":"2017-11-27T10:54:24","slug":"zarzad","status":"publish","type":"page","link":"https:\/\/maliwojownicy.org\/index.php\/o-nas\/zarzad\/","title":{"rendered":"Zarz\u0105d i Rada Fundacji"},"content":{"rendered":"\n<div class=\"wp-block-image\"><figure class=\"aligncenter size-large is-resized\"><a href=\"https:\/\/maliwojownicy.org\/wp-content\/uploads\/2025\/02\/435008732_400534872689950_7846350804851460920_n-1-2.jpg\"><img loading=\"lazy\" decoding=\"async\" src=\"https:\/\/maliwojownicy.org\/wp-content\/uploads\/2025\/02\/435008732_400534872689950_7846350804851460920_n-1-1024x654.jpg\" alt=\"\" class=\"wp-image-1750\" width=\"528\" height=\"337\"\/><\/a><\/figure><\/div>\n\n\n<p><span style=\"font-size: 14pt;\"><strong>Sylwia Weso\u0142owska &#8211; za\u0142o\u017cycielka oraz prezes Fundacji Mali Wojownicy<\/strong><\/span><\/p>\n<p><span style=\"font-size: 14pt;\">Mama Marianki &#8211; wcze\u015bniaka ur. w 25tc. Z zawodu nauczyciel wychowania przedszkolnego, przez ponad 7 lat by\u0142a dyrektork\u0105 jednego z bia\u0142ostockich przedszkoli niepublicznych. Posiada r\u00f3wnie\u017c do\u015bwiadczenie w kierowaniu klubem malucha.<\/span><\/p>\n<p style=\"text-align: left;\"><span style=\"font-size: 14pt;\">Kieruje bie\u017c\u0105c\u0105 prac\u0105 Fundacji, prowadzi doradztwo dla rodzic\u00f3w i pe\u0142ni funkcj\u0119 dyrektora <a href=\"https:\/\/www.facebook.com\/przedszkoledzielnezuchy\/\">Przedszkola Niepublicznego Dzielne Zuchy<\/a> (za\u0142a\u017conego i prowadzonego przez Fundacj\u0119). <\/span><span style=\"font-size: 14pt;\">Blogerka <a href=\"http:\/\/www.radoscbyciarodzicem.pl\">parentingowa<\/a>, kt\u00f3ra propaguje rado\u015b\u0107 z bycia rodzicem swego dziecka. Prowadzi\u0142a szkolenia i doradztwo dla rodzic\u00f3w. <\/span><span style=\"font-size: 14pt;\">Od ponad 20 lat instruktorka Zwi\u0105zku Harcerstwa Polskiego z do\u015bwiadczeniem na ro\u017cnych poziomach organizacji (od prowadzenia dru\u017cyny i gromady, przez dzia\u0142anie w strukturach harcerskich miasta, wojew\u00f3dztwa czy na szczeblu centralnym).<\/span><span style=\"font-size: 14pt;\">Wsp\u00f3\u0142autorka kilku publikacji dotycz\u0105cych pracy z dzie\u0107mi i m\u0142odzie\u017c\u0105. <\/span><span style=\"font-size: 14pt;\">Pasjonatka ksi\u0105\u017cek (co odziedziczy\u0142a po Niej c\u00f3reczka), nie tylko g\u00f3rskich w\u0119dr\u00f3wek oraz ludzi. <\/span><\/p>\n<p style=\"text-align: left;\"><span style=\"font-size: 14pt;\">kontakt: <a href=\"mailto:fundacjamaliwojownicy@gmail.com\">fundacjamaliwojownicy@gmail.com<\/a><\/span><\/p>\n<p>\u00a0<\/p>\n<p><strong>Katarzyna Krasowska &#8211; cz\u0142onkini zarz\u0105du ds. wsparcia prawno-organizacyjnego<\/strong><\/p>\n<p>Mama Tymka i Julii &#8211; dziewczynki urodzonej w 23 tc. Jej c\u00f3reczka ucz\u0119szcza\u0142a do <strong>Przedszkole Dzielne ZUCHY<\/strong> , a obecnie jest dzieln\u0105 uczennic\u0105 pierwszej klasy prowadzonej przez nasz\u0105 Fundacj\u0119. Pani Kasia z Fundacj\u0105 zwi\u0105zana od pocz\u0105tku jej powstania, zar\u00f3wno jako mama jak i doradca. Z zawodu radca prawny. W swojej pracy zajmuje si\u0119 mi\u0119dzy innymi pomoc\u0105 osobom niepe\u0142nosprawnym w post\u0119powaniach o uzyskanie \u015bwiadcze\u0144. Wspiera Fundacj\u0119 w sprawach prawnych i organizacyjnych.<\/p>\n<p>\u00a0<\/p>\n<p><strong>Patrycja Saniewska-Guzowska &#8211; cz\u0142onkini zarz\u0105du ds. koordynacji akcji charytatywnych i kontaktu z potencjalnymi darczy\u0144cami<\/strong><\/p>\n<p>Mama Olka, kt\u00f3ry \u2013 cho\u0107 nie jest wcze\u015bniakiem \u2013 dumnie nale\u017cy do wyj\u0105tkowej spo\u0142eczno\u015bci Ma\u0142ych Wojownik\u00f3w. Przez wiele lat pracowa\u0142a jako instruktorka terapii zaj\u0119ciowej w WTZ-ach, obecnie zajmuje si\u0119 wsparciem student\u00f3w ze szczeg\u00f3lnymi potrzebami na Uniwersytecie w Bia\u0142ymstoku, gdzie obroni\u0142a rozpraw\u0119 doktorsk\u0105 &#8222;Warsztaty terapii zaj\u0119ciowej w j\u0119zykowym obrazie \u015bwiata os\u00f3b z niepe\u0142nosprawno\u015bci\u0105 intelektualn\u0105&#8221;. Wsp\u00f3\u0142organizatorka cyklu interdyscyplinarnych konferencji &#8222;Emocje\/Literatura&#8221; oraz &#8222;Bia\u0142ostockich Spotka\u0144 M\u0142odych Logoped\u00f3w&#8221; odbywaj\u0105cych si\u0119 na bia\u0142ostockiej polonistyce. Autorka wielu artyku\u0142\u00f3w naukowych, w kt\u00f3rych przygl\u0105da si\u0119 temu, co \u201einne\u201d. Jest przekonana, \u017ce (neuro)r\u00f3\u017cnorodno\u015b\u0107 ubogaca \u015bwiat, dlatego nie ustaje w rozwoju osobistym i zawodowym, by m\u00f3c j\u0105 wspiera\u0107 i promowa\u0107.<\/p>\n<p>\u00a0<\/p>","protected":false},"excerpt":{"rendered":"<p>Sylwia Weso\u0142owska &#8211; za\u0142o\u017cycielka oraz prezes Fundacji Mali Wojownicy Mama Marianki &#8211; wcze\u015bniaka ur. w 25tc. Z zawodu nauczyciel wychowania przedszkolnego, przez ponad 7 lat by\u0142a dyrektork\u0105 jednego z bia\u0142ostockich przedszkoli niepublicznych. Posiada r\u00f3wnie\u017c do\u015bwiadczenie w kierowaniu klubem malucha. Kieruje bie\u017c\u0105c\u0105 prac\u0105 Fundacji, prowadzi doradztwo dla rodzic\u00f3w i pe\u0142ni funkcj\u0119 dyrektora Przedszkola Niepublicznego Dzielne Zuchy [&hellip;]<\/p>\n","protected":false},"author":3,"featured_media":0,"parent":31,"menu_order":0,"comment_status":"closed","ping_status":"closed","template":"","meta":{"_crdt_document":"","_kadence_starter_templates_imported_post":false,"footnotes":""},"class_list":["post-36","page","type-page","status-publish","hentry"],"_links":{"self":[{"href":"https:\/\/maliwojownicy.org\/index.php\/wp-json\/wp\/v2\/pages\/36","targetHints":{"allow":["GET"]}}],"collection":[{"href":"https:\/\/maliwojownicy.org\/index.php\/wp-json\/wp\/v2\/pages"}],"about":[{"href":"https:\/\/maliwojownicy.org\/index.php\/wp-json\/wp\/v2\/types\/page"}],"author":[{"embeddable":true,"href":"https:\/\/maliwojownicy.org\/index.php\/wp-json\/wp\/v2\/users\/3"}],"replies":[{"embeddable":true,"href":"https:\/\/maliwojownicy.org\/index.php\/wp-json\/wp\/v2\/comments?post=36"}],"version-history":[{"count":0,"href":"https:\/\/maliwojownicy.org\/index.php\/wp-json\/wp\/v2\/pages\/36\/revisions"}],"up":[{"embeddable":true,"href":"https:\/\/maliwojownicy.org\/index.php\/wp-json\/wp\/v2\/pages\/31"}],"wp:attachment":[{"href":"https:\/\/maliwojownicy.org\/index.php\/wp-json\/wp\/v2\/media?parent=36"}],"curies":[{"name":"wp","href":"https:\/\/api.w.org\/{rel}","templated":true}]}}