{"id":244,"date":"2017-12-10T19:45:56","date_gmt":"2017-12-10T19:45:56","guid":{"rendered":"http:\/\/maliwojownicy.org\/?page_id=244"},"modified":"2026-03-31T09:25:48","modified_gmt":"2026-03-31T07:25:48","slug":"wczesniaki","status":"publish","type":"page","link":"https:\/\/maliwojownicy.org\/index.php\/wyzwania-i-codziennosc\/wczesniaki\/","title":{"rendered":"Wcze\u015bniaki"},"content":{"rendered":"\n<h2 class=\"wp-block-heading has-text-color has-link-color wp-elements-ff32b82573e8e7fbcdeb8bc6dc3ccc92\" style=\"color:#b26cda\"><strong><em>Wcze\u015bniaki<\/em><\/strong><\/h2>\n\n\n\n<figure class=\"wp-block-image alignleft size-large is-resized\"><img loading=\"lazy\" decoding=\"async\" width=\"1024\" height=\"1024\" src=\"https:\/\/maliwojownicy.org\/wp-content\/uploads\/2020\/05\/wczesniaki-1-2-1024x1024.png\" alt=\"\" class=\"wp-image-828\" style=\"width:378px;height:auto\" srcset=\"https:\/\/maliwojownicy.org\/wp-content\/uploads\/2020\/05\/wczesniaki-1-2-1024x1024.png 1024w, https:\/\/maliwojownicy.org\/wp-content\/uploads\/2020\/05\/wczesniaki-1-2-300x300.png 300w, https:\/\/maliwojownicy.org\/wp-content\/uploads\/2020\/05\/wczesniaki-1-2-150x150.png 150w, https:\/\/maliwojownicy.org\/wp-content\/uploads\/2020\/05\/wczesniaki-1-2-768x768.png 768w, https:\/\/maliwojownicy.org\/wp-content\/uploads\/2020\/05\/wczesniaki-1-2-1536x1536.png 1536w, https:\/\/maliwojownicy.org\/wp-content\/uploads\/2020\/05\/wczesniaki-1-2-2048x2048.png 2048w, https:\/\/maliwojownicy.org\/wp-content\/uploads\/2020\/05\/wczesniaki-1-2-600x600.png 600w, https:\/\/maliwojownicy.org\/wp-content\/uploads\/2020\/05\/wczesniaki-1-2-100x100.png 100w\" sizes=\"auto, (max-width: 1024px) 100vw, 1024px\" \/><\/figure>\n\n\n\n<p class=\"has-custom-css wp-custom-css-b0f24dd4 wp-block-paragraph\"><span style=\"font-size: 14pt;\">W tym miejscu postaram si\u0119 przybli\u017cy\u0107 wszystkim zagadnienia zwi\u0105zane z wcze\u015bniactwem. W poszczeg\u00f3lnych zak\u0142adkach znajdziecie informacj\u0119 zar\u00f3wno dotycz\u0105ce pobytu w szpitalu, sytuacji rodzinnej i emocjonalnej oraz innych zagadnie\u0144 wa\u017cnych dla wcze\u015bniak\u00f3w. S<\/span><span style=\"font-size: 14pt;\">kupie si\u0119 na tym co rodzice wcze\u015bniak\u00f3w mog\u0105 napotka\u0107 na swojej drodze w \u017cyciu codziennym.<\/span><\/p>\n\n\n\n<p class=\"has-custom-css wp-custom-css-7159b4bd wp-block-paragraph\"><span style=\"font-size: 14pt;\">Dziecko nazywane jest wcze\u015bniakiem je\u015bli urodzi si\u0119 przed zako\u0144czeniem 37 tygodnia ci\u0105\u017cy. \u0179r\u00f3d\u0142a medyczne podaj\u0105, \u017ce dziecko jest w stanie prze\u017cy\u0107 poza \u0142onem matki po sko\u0144czeniu 22tc, cho\u0107 niekt\u00f3re podaj\u0105 \u017ce nawet od 20tc mo\u017cna m\u00f3wi\u0107 o przedwczesnym porodzie a nie o poronieniu. Obecnie medycyna zmienia si\u0119 z dnia na dzie\u0144 i wiele dzieci, kt\u00f3re przychodz\u0105 na \u015bwiat w 23 czy 24tc prze\u017cywa. <\/span><br><span style=\"font-size: 14pt;\">Wed\u0142ug bada\u0144 odsetek uratowanych dzieci znacznie ro\u015bnie po porodzie w 28 i p\u00f3\u017aniejszym&nbsp; tygodniu ci\u0105\u017cy.<\/span><\/p>\n\n\n\n<p class=\"has-custom-css wp-custom-css-2447b858 wp-block-paragraph\"><br><span style=\"font-size: 14pt;\">Oczywi\u015bcie trudno por\u00f3wnywa\u0107 zar\u00f3wno dziecko urodzone w 37tc do tego z 23tc dlatego wprowadzono podzia\u0142 i nazewnictwo. <\/span><\/p>\n\n\n\n<p class=\"wp-block-paragraph\"><\/p>\n\n\n\n<p class=\"wp-block-paragraph\"><span style=\"font-size: 14pt;\"><strong>Ze wzgl\u0119du na tydzie\u0144 urodzenia mo\u017cemy podzieli\u0107 je na nast\u0119puj\u0105ce grupy:<\/strong><\/span><\/p>\n\n\n\n<ul class=\"wp-block-list\">\n<li><span style=\"font-size: 14pt;\">ekstremalnie skrajne wcze\u015bniaki \u2013 dzieci urodzone cz\u0119sto na skraju prze\u017cywalno\u015bci, z bardzo ma\u0142\u0105 mas\u0105 urodzeniow\u0105 i ogromn\u0105 niedojrza\u0142o\u015bci\u0105 ca\u0142ego organizmu; przyjmuje si\u0119, \u017ce s\u0105 to dzieci urodzone poni\u017cej 27 tygodnia ci\u0105\u017cy w\u0142\u0105cznie<\/span><\/li>\n\n\n\n<li> <span style=\"font-size: 14pt;\">skrajne wcze\u015bniaki \u2013 dzieci urodzone mi\u0119dzy w 28 \u2013 31 tc w\u0142\u0105cznie<\/span><\/li>\n\n\n\n<li> <span style=\"font-size: 14pt;\">\u015brednie wcze\u015bniaki \u2013 dzieci urodzone mi\u0119dzy 32 \u2013 37 tc w\u0142\u0105cznie<\/span><\/li>\n<\/ul>\n\n\n\n<p class=\"has-custom-css wp-custom-css-7e33217c wp-block-paragraph\"><span style=\"font-size: 14pt;\"><strong>Stosuje si\u0119 te\u017c podzia\u0142 ze wzgl\u0119du na mas\u0119 cia\u0142a:<\/strong><\/span><\/p>\n\n\n\n<ul class=\"wp-block-list\">\n<li> <span style=\"font-size: 14pt;\">ekstremalnie ma\u0142a urodzeniowa masa cia\u0142a \u2013 poni\u017cej 1000 g<\/span><\/li>\n\n\n\n<li> <span style=\"font-size: 14pt;\">bardzo ma\u0142a urodzeniowa masa cia\u0142a \u2013 poni\u017cej 1500 g<\/span><\/li>\n\n\n\n<li> <span style=\"font-size: 14pt;\">ma\u0142a masa urodzeniowa \u2013 poni\u017cej 2500 g<\/span><\/li>\n<\/ul>\n\n\n\n<p class=\"has-custom-css wp-custom-css-74a99e9e wp-block-paragraph\"><span style=\"font-size: 14pt;\">Jest to oczywi\u015bcie podzia\u0142 umowny, bo ka\u017cde dziecko jest inne. Mo\u017ce si\u0119 zdarzy\u0107, \u017ce dziecko urodzone p\u00f3\u017aniej ma wi\u0119cej powik\u0142a\u0144 i trudniej jest mu pom\u00f3c. Na stan dziecka maj\u0105 wp\u0142yw tydzie\u0144 i waga urodzenia, ale te\u017c mnogo\u015b\u0107 powik\u0142a\u0144 i obci\u0105\u017ce\u0144.<\/span><\/p>\n\n\n\n<p class=\"has-custom-css wp-custom-css-d21ccfec wp-block-paragraph\"><span style=\"font-size: 14pt;\">Oczywi\u015bcie im wcze\u015bniej dziecko si\u0119 urodzi tym szans\u0119 zar\u00f3wno na brak powik\u0142a\u0144 jak i prze\u017cycie s\u0105 mniejsze. <\/span><br><span style=\"font-size: 14pt;\">Ale bardzo du\u017co zale\u017cy te\u017c o tego co wydarzy si\u0119 podczas samego porodu, tu\u017c po nim jak i podczas ca\u0142ego pobytu dziecka w szpitalu.<\/span><\/p>\n\n\n\n<p class=\"has-custom-css wp-custom-css-198e8505 wp-block-paragraph\"><span style=\"font-size: 14pt;\">Trzeba pami\u0119ta\u0107, \u017ce im &#8222;m\u0142odszy&#8221; wcze\u015bniak tym ka\u017cdy z organ\u00f3w wewn\u0119trznych jest mniej gotowy do funkcjonowania poza \u0142onem mamy. Najcz\u0119stsze powik\u0142ania zwi\u0105zane s\u0105 w\u0142a\u015bnie z niedojrza\u0142o\u015bci\u0105 poszczeg\u00f3lnych organ\u00f3w. Cz\u0119\u015b\u0107 rzeczy uwidacznia si\u0119 od razu a cz\u0119\u015b\u0107 dopiero po jakim\u015b czasie. M\u00f3wi si\u0119, \u017ce wcze\u015bniaki tak samo cz\u0119sto jak kroki do przodu wykonuj\u0105 te\u017c kroki do ty\u0142u. I cho\u0107 rodzice wiedz\u0105, \u017ce powinni si\u0119 spodziewa\u0107 komplikacji (zw\u0142aszcza u tych najmniejszych i najwcze\u015bniejszych) to i tak za ka\u017cdym razem jest to dla Nich szok i trauma.<\/span><\/p>\n\n\n\n<p class=\"wp-block-paragraph\"><span style=\"font-size: 14pt;\">Podczas samego pobytu w szpitalu dziecko opr\u00f3cz trudno\u015bci z niedojrza\u0142o\u015bci\u0105 organizmu mo\u017ce si\u0119 te\u017c zmaga\u0107 z r\u00f3\u017cnego rodzaju infekcjami, kt\u00f3re r\u00f3wnie\u017c wp\u0142ywaj\u0105 na Jego stan.<\/span><\/p>\n\n\n\n<p class=\"has-custom-css wp-custom-css-1f23ade1 wp-block-paragraph\"><span style=\"font-size: 14pt;\">Kiedy rodzi si\u0119 wcze\u015bniej tak naprawd\u0119 nikt czy to lekarz czy rodzic nie jest w stanie przewidzie\u0107 jaki b\u0119dzie los dziecka. Zdaniem lekarzy jest obserwowa\u0107 i dzia\u0142a\u0107, a rodzic\u00f3w wierzy\u0107, \u017ce kiedy\u015b zabior\u0105 dziecko w jak najlepszym stanie do domu.<\/span><\/p>\n\n\n\n<p class=\"has-custom-css wp-custom-css-a63e10e6 wp-block-paragraph\"><span style=\"font-size: 14pt;\">W tym cyklu postaram si\u0119 Wam pokaza\u0107 r\u00f3wnie\u017c etapy, przez kt\u00f3re przechodzi wcze\u015bniak w szpitalu i w domu, to jak wesprze\u0107 rodzic\u00f3w wcze\u015bniaka, z czym mog\u0105 si\u0119 Oni spotka\u0107 w szpitalu i po wyj\u015bciu z niego.<\/span><\/p>\n\n\n\n<p class=\"has-custom-css wp-custom-css-4963e85d wp-block-paragraph\"><span style=\"font-size: 14pt;\">A je\u017celi interesuje Was prawdziwa historia opowiadana &#8222;na bie\u017c\u0105co&#8221; tu\u017c po urodzeniu wcze\u015bniaka w 25tc, kt\u00f3ry wa\u017cy\u0142 780 g to zapraszam do dzia\u0142u &#8222;Mania i Ja&#8221; na <a href=\"http:\/\/www.radoscbyciarodzicem.pl\" target=\"_blank\" rel=\"noopener\" data-saferedirecturl=\"https:\/\/www.google.com\/url?q=http:\/\/www.radoscbyciarodzicem.pl&amp;source=gmail&amp;ust=1589877058738000&amp;usg=AFQjCNHV31qxx67oe1MMUdK5-Fdjy70weQ\">www.radoscbyciarodzicem.pl<\/a><\/span><\/p>\n\n\n\n<p class=\"has-custom-css wp-custom-css-dfb68365 wp-block-paragraph\"><span style=\"font-size: 14pt;\">Chcia\u0142abym aby wiedz\u0105 na temat wcze\u015bniak\u00f3w dotar\u0142a zar\u00f3wno do ich rodzic\u00f3w, rodzin jak i do szerokiego spo\u0142ecze\u0144stwa. Wierz\u0119, \u017ce dzi\u0119ki temu rodzinom dzieci przedwcze\u015bnie urodzonym b\u0119dzie \u0142atwiej funkcjonowa\u0107 <\/span><br><span style=\"font-size: 14pt;\">i nie b\u0119d\u0105 si\u0119 czu\u0107 zagubieni i osamotnieni. Dlatego te\u017c powsta\u0142a Fundacja Mali Wojownicy, kt\u00f3ra mam zaszczyt prowadzi\u0107.<\/span><\/p>\n\n\n\n<p class=\"has-custom-css wp-custom-css-65ed1f8e wp-block-paragraph\"><span style=\"font-size: 14pt;\">Dzi\u0119kuj\u0119 mamom, kt\u00f3re zgodzi\u0142y si\u0119 na wykorzystanie zdj\u0119\u0107 swoich dzieci abym mog\u0142a przygotowa\u0107 ten materia\u0142.&nbsp; Je\u015bli chcesz do nich do\u0142\u0105czy\u0107 to napisz do nas.<\/span><\/p>\n\n\n\n<p class=\"wp-block-paragraph\"><em>Sylwia Weso\u0142owska<br>Prezes Fundacji Mali Wojownicy<\/em><\/p>\n\n\n\n<div class=\"wp-block-buttons is-layout-flex wp-block-buttons-is-layout-flex\">\n<div class=\"wp-block-button is-style-fill\"><a class=\"wp-block-button__link has-background wp-element-button\" href=\"https:\/\/maliwojownicy.org\/index.php\/wyzwania-i-codziennosc\/wczesniaki\/pierwsze-chwile-w-szpitalu\/\" style=\"background:linear-gradient(135deg,rgb(215,149,243) 0%,rgb(166,86,240) 100%)\">Pierwsze chwile w szpitalu<\/a><\/div>\n\n\n\n<div class=\"wp-block-button is-style-fill\"><a class=\"wp-block-button__link has-background wp-element-button\" href=\"https:\/\/maliwojownicy.org\/index.php\/wyzwania-i-codziennosc\/wczesniaki\/rodzina\/\" style=\"background:linear-gradient(135deg,rgb(215,149,243) 0%,rgb(166,86,240) 100%)\">Rodzina<\/a><\/div>\n\n\n\n<div class=\"wp-block-button is-style-fill\"><a class=\"wp-block-button__link has-background wp-element-button\" href=\"https:\/\/maliwojownicy.org\/index.php\/wyzwania-i-codziennosc\/wczesniaki\/rodzice-wczesniaka\/\" style=\"background:linear-gradient(135deg,rgb(215,149,243) 0%,rgb(166,86,240) 100%)\">Rodzice wcze\u015bniaka<\/a><\/div>\n\n\n\n<div class=\"wp-block-button is-style-fill\"><a class=\"wp-block-button__link has-background wp-element-button\" href=\"https:\/\/maliwojownicy.org\/index.php\/wyzwania-i-codziennosc\/wczesniaki\/szpitalna-codziennosc\/\" style=\"background:linear-gradient(135deg,rgb(215,149,243) 0%,rgb(166,86,240) 100%)\">Szpitalna codzienno\u015b\u0107<\/a><\/div>\n\n\n\n<div class=\"wp-block-button is-style-fill\"><a class=\"wp-block-button__link has-background wp-element-button\" href=\"https:\/\/maliwojownicy.org\/index.php\/wyzwania-i-codziennosc\/wczesniaki\/organizm-wczesniaka\/\" style=\"background:linear-gradient(135deg,rgb(215,149,243) 0%,rgb(166,86,240) 100%)\">Organizm wcze\u015bniaka<\/a><\/div>\n\n\n\n<div class=\"wp-block-button is-style-fill\"><a class=\"wp-block-button__link has-background wp-element-button\" href=\"https:\/\/maliwojownicy.org\/index.php\/wyzwania-i-codziennosc\/wczesniaki\/czas-do-domu\/\" style=\"background:linear-gradient(135deg,rgb(215,149,243) 0%,rgb(166,86,240) 100%)\">Czas do domu<\/a><\/div>\n\n\n\n<div class=\"wp-block-button is-style-fill\"><a class=\"wp-block-button__link has-background wp-element-button\" href=\"https:\/\/maliwojownicy.org\/index.php\/wyzwania-i-codziennosc\/wczesniaki\/w-domu\/\" style=\"background:linear-gradient(135deg,rgb(215,149,243) 0%,rgb(166,86,240) 100%)\">W domu<\/a><\/div>\n\n\n\n<div class=\"wp-block-button is-style-fill\"><a class=\"wp-block-button__link has-background wp-element-button\" href=\"https:\/\/maliwojownicy.org\/index.php\/wyzwania-i-codziennosc\/wczesniaki\/powiklania\/\" style=\"background:linear-gradient(135deg,rgb(215,149,243) 0%,rgb(166,86,240) 100%)\">Powik\u0142ania i choroby<\/a><\/div>\n<\/div>\n\n\n\n<p class=\"wp-block-paragraph\"><\/p>\n","protected":false},"excerpt":{"rendered":"<p>Wcze\u015bniaki W tym miejscu postaram si\u0119 przybli\u017cy\u0107 wszystkim zagadnienia zwi\u0105zane z wcze\u015bniactwem. W poszczeg\u00f3lnych zak\u0142adkach znajdziecie informacj\u0119 zar\u00f3wno dotycz\u0105ce pobytu w szpitalu, sytuacji rodzinnej i emocjonalnej oraz innych zagadnie\u0144 wa\u017cnych dla wcze\u015bniak\u00f3w. Skupie si\u0119 na tym co rodzice wcze\u015bniak\u00f3w mog\u0105 napotka\u0107 na swojej drodze w \u017cyciu codziennym. Dziecko nazywane jest wcze\u015bniakiem je\u015bli urodzi si\u0119 przed [&hellip;]<\/p>\n","protected":false},"author":3,"featured_media":0,"parent":50,"menu_order":0,"comment_status":"closed","ping_status":"closed","template":"","meta":{"_crdt_document":"","_kadence_starter_templates_imported_post":false,"footnotes":""},"class_list":["post-244","page","type-page","status-publish","hentry"],"_links":{"self":[{"href":"https:\/\/maliwojownicy.org\/index.php\/wp-json\/wp\/v2\/pages\/244","targetHints":{"allow":["GET"]}}],"collection":[{"href":"https:\/\/maliwojownicy.org\/index.php\/wp-json\/wp\/v2\/pages"}],"about":[{"href":"https:\/\/maliwojownicy.org\/index.php\/wp-json\/wp\/v2\/types\/page"}],"author":[{"embeddable":true,"href":"https:\/\/maliwojownicy.org\/index.php\/wp-json\/wp\/v2\/users\/3"}],"replies":[{"embeddable":true,"href":"https:\/\/maliwojownicy.org\/index.php\/wp-json\/wp\/v2\/comments?post=244"}],"version-history":[{"count":2,"href":"https:\/\/maliwojownicy.org\/index.php\/wp-json\/wp\/v2\/pages\/244\/revisions"}],"predecessor-version":[{"id":2361,"href":"https:\/\/maliwojownicy.org\/index.php\/wp-json\/wp\/v2\/pages\/244\/revisions\/2361"}],"up":[{"embeddable":true,"href":"https:\/\/maliwojownicy.org\/index.php\/wp-json\/wp\/v2\/pages\/50"}],"wp:attachment":[{"href":"https:\/\/maliwojownicy.org\/index.php\/wp-json\/wp\/v2\/media?parent=244"}],"curies":[{"name":"wp","href":"https:\/\/api.w.org\/{rel}","templated":true}]}}