{"id":2123,"date":"2026-03-11T11:43:13","date_gmt":"2026-03-11T10:43:13","guid":{"rendered":"https:\/\/maliwojownicy.org\/?page_id=2123"},"modified":"2026-03-11T11:45:03","modified_gmt":"2026-03-11T10:45:03","slug":"aktualnosci","status":"publish","type":"page","link":"https:\/\/maliwojownicy.org\/index.php\/aktualnosci\/","title":{"rendered":"Aktualno\u015bci"},"content":{"rendered":"<ul class=\"wp-block-latest-posts__list wp-block-latest-posts\"><li><a class=\"wp-block-latest-posts__post-title\" href=\"https:\/\/maliwojownicy.org\/index.php\/2025\/01\/20\/rekrutacja-2025-2026\/\">Rekrutacja 2025\/ 2026<\/a><\/li>\n<li><a class=\"wp-block-latest-posts__post-title\" href=\"https:\/\/maliwojownicy.org\/index.php\/2024\/11\/26\/niepubliczna-szkola-podstawowa-odkrywcy-nieznanego-swiata-w-bialymstoku\/\">Niepubliczna Szko\u0142a Podstawowa &#8222;Odkrywcy Nieznanego \u015awiata&#8221; w Bia\u0142ymstoku<\/a><\/li>\n<li><a class=\"wp-block-latest-posts__post-title\" href=\"https:\/\/maliwojownicy.org\/index.php\/2021\/11\/10\/wsparcie-rodzin-wczesniakow-i-wolontariuszy-fundacji-mali-wojownicy-w-dobie-covid-19\/\">Wsparcie rodzin wcze\u015bniak\u00f3w i wolontariuszy Fundacji Mali Wojownicy w dobie COVID-19<\/a><\/li>\n<li><a class=\"wp-block-latest-posts__post-title\" href=\"https:\/\/maliwojownicy.org\/index.php\/2021\/04\/20\/wczesne-wspomaganie-rozwoju-dziecka\/\">Wczesne Wspomaganie Rozwoju Dziecka<\/a><\/li>\n<li><a class=\"wp-block-latest-posts__post-title\" href=\"https:\/\/maliwojownicy.org\/index.php\/2021\/01\/22\/orzeczenie-o-niepelnosprawnosci-czasie-pandemii\/\">Orzeczenie o niepe\u0142nosprawno\u015bci w czasie pandemii<\/a><\/li>\n<li><a class=\"wp-block-latest-posts__post-title\" href=\"https:\/\/maliwojownicy.org\/index.php\/2020\/05\/11\/769-2\/\">Wsparcie laktacyjne<\/a><\/li>\n<li><a class=\"wp-block-latest-posts__post-title\" href=\"https:\/\/maliwojownicy.org\/index.php\/2020\/04\/05\/zbiorka-dla-bialostockich-wczesniakow\/\">Zbi\u00f3rka dla bia\u0142ostockich wcze\u015bniak\u00f3w<\/a><\/li>\n<li><a class=\"wp-block-latest-posts__post-title\" href=\"https:\/\/maliwojownicy.org\/index.php\/2019\/05\/04\/najwazniejszy-jest-start\/\">Najwa\u017cniejszy jest start<\/a><\/li>\n<li><a class=\"wp-block-latest-posts__post-title\" href=\"https:\/\/maliwojownicy.org\/index.php\/2019\/04\/03\/przedszkole-fundacji-mali-wojownicy\/\">Przedszkole Fundacji Mali Wojownicy<\/a><\/li>\n<li><a class=\"wp-block-latest-posts__post-title\" href=\"https:\/\/maliwojownicy.org\/index.php\/2019\/02\/20\/konferencja-wczesniaki-wsparcie-rozwoju-domu-placowce-edukacyjnej\/\">Konferencja &#8222;Wcze\u015bniaki &#8211; wsparcie rozwoju w domu i plac\u00f3wce edukacyjnej&#8221;<\/a><\/li>\n<li><a class=\"wp-block-latest-posts__post-title\" href=\"https:\/\/maliwojownicy.org\/index.php\/2019\/01\/22\/1-ulga-rehabilitacyjna-rozliczeniu-2018\/\">1% I ULGA REHABILITACYJNA W ROZLICZENIU ZA 2018 ROK<\/a><\/li>\n<li><a class=\"wp-block-latest-posts__post-title\" href=\"https:\/\/maliwojownicy.org\/index.php\/2018\/12\/26\/konferencja-wczesniaki-wyjsciu-ze-szpitala-trudnosci-wyzwania\/\">Zaj\u0119cia na basenie metod\u0105 Hallwick<\/a><\/li>\n<li><a class=\"wp-block-latest-posts__post-title\" href=\"https:\/\/maliwojownicy.org\/index.php\/2018\/04\/06\/rodzinna-gra-miejska\/\">I Rodzinna Gra Miejska<\/a><\/li>\n<li><a class=\"wp-block-latest-posts__post-title\" href=\"https:\/\/maliwojownicy.org\/index.php\/2018\/01\/23\/tz-ulga-rehabilitacyjna-2017\/\">Tzw. &#8222;ulga rehabilitacyjna&#8221; za 2017 rok<\/a><\/li>\n<li><a class=\"wp-block-latest-posts__post-title\" href=\"https:\/\/maliwojownicy.org\/index.php\/2018\/01\/17\/karnawalowy-bal-przebierancow\/\">Karnawa\u0142owy Bal Przebiera\u0144c\u00f3w<\/a><\/li>\n<li><a class=\"wp-block-latest-posts__post-title\" href=\"https:\/\/maliwojownicy.org\/index.php\/2018\/01\/09\/wiodace-osrodki-koordynujaco-rehabilitacyjno-opiekuncze\/\">Wiod\u0105ce o\u015brodki koordynuj\u0105co &#8211; rehabilitacyjno &#8211; opieku\u0144cze<\/a><\/li>\n<li><a class=\"wp-block-latest-posts__post-title\" href=\"https:\/\/maliwojownicy.org\/index.php\/2017\/12\/10\/fundacyjne-swiateczne-koledowanie\/\">Fundacyjne \u015awi\u0105teczne Kol\u0119dowanie<\/a><\/li>\n<li><a class=\"wp-block-latest-posts__post-title\" href=\"https:\/\/maliwojownicy.org\/index.php\/2017\/12\/01\/kiermasze-swiateczne\/\">Kiermasze \u015bwi\u0105teczne<\/a><\/li>\n<li><a class=\"wp-block-latest-posts__post-title\" href=\"https:\/\/maliwojownicy.org\/index.php\/2017\/11\/26\/mikolajki\/\">Miko\u0142ajkowe spotkanie Fundacji<\/a><\/li>\n<li><a class=\"wp-block-latest-posts__post-title\" href=\"https:\/\/maliwojownicy.org\/index.php\/2017\/11\/25\/spotkanie-z-neurologopeda\/\">Spotkanie z neurologoped\u0105<\/a><\/li>\n<\/ul>","protected":false},"excerpt":{"rendered":"","protected":false},"author":1,"featured_media":0,"parent":0,"menu_order":0,"comment_status":"closed","ping_status":"closed","template":"","meta":{"_crdt_document":"","_kadence_starter_templates_imported_post":false,"footnotes":""},"class_list":["post-2123","page","type-page","status-publish","hentry"],"_links":{"self":[{"href":"https:\/\/maliwojownicy.org\/index.php\/wp-json\/wp\/v2\/pages\/2123","targetHints":{"allow":["GET"]}}],"collection":[{"href":"https:\/\/maliwojownicy.org\/index.php\/wp-json\/wp\/v2\/pages"}],"about":[{"href":"https:\/\/maliwojownicy.org\/index.php\/wp-json\/wp\/v2\/types\/page"}],"author":[{"embeddable":true,"href":"https:\/\/maliwojownicy.org\/index.php\/wp-json\/wp\/v2\/users\/1"}],"replies":[{"embeddable":true,"href":"https:\/\/maliwojownicy.org\/index.php\/wp-json\/wp\/v2\/comments?post=2123"}],"version-history":[{"count":4,"href":"https:\/\/maliwojownicy.org\/index.php\/wp-json\/wp\/v2\/pages\/2123\/revisions"}],"predecessor-version":[{"id":2128,"href":"https:\/\/maliwojownicy.org\/index.php\/wp-json\/wp\/v2\/pages\/2123\/revisions\/2128"}],"wp:attachment":[{"href":"https:\/\/maliwojownicy.org\/index.php\/wp-json\/wp\/v2\/media?parent=2123"}],"curies":[{"name":"wp","href":"https:\/\/api.w.org\/{rel}","templated":true}]}}

Aktualności

<ul class="wp-block-latest-posts__list wp-block-latest-posts"><li><a class="wp-block-latest-posts__post-title" href="https://maliwojownicy.org/index.php/2025/01/20/rekrutacja-2025-2026/">Rekrutacja 2025/ 2026</a></li>
<li><a class="wp-block-latest-posts__post-title" href="https://maliwojownicy.org/index.php/2024/11/26/niepubliczna-szkola-podstawowa-odkrywcy-nieznanego-swiata-w-bialymstoku/">Niepubliczna Szkoła Podstawowa &#8222;Odkrywcy Nieznanego Świata&#8221; w Białymstoku</a></li>
<li><a class="wp-block-latest-posts__post-title" href="https://maliwojownicy.org/index.php/2021/11/10/wsparcie-rodzin-wczesniakow-i-wolontariuszy-fundacji-mali-wojownicy-w-dobie-covid-19/">Wsparcie rodzin wcześniaków i wolontariuszy Fundacji Mali Wojownicy w dobie COVID-19</a></li>
<li><a class="wp-block-latest-posts__post-title" href="https://maliwojownicy.org/index.php/2021/04/20/wczesne-wspomaganie-rozwoju-dziecka/">Wczesne Wspomaganie Rozwoju Dziecka</a></li>
<li><a class="wp-block-latest-posts__post-title" href="https://maliwojownicy.org/index.php/2021/01/22/orzeczenie-o-niepelnosprawnosci-czasie-pandemii/">Orzeczenie o niepełnosprawności w czasie pandemii</a></li>
<li><a class="wp-block-latest-posts__post-title" href="https://maliwojownicy.org/index.php/2020/05/11/769-2/">Wsparcie laktacyjne</a></li>
<li><a class="wp-block-latest-posts__post-title" href="https://maliwojownicy.org/index.php/2020/04/05/zbiorka-dla-bialostockich-wczesniakow/">Zbiórka dla białostockich wcześniaków</a></li>
<li><a class="wp-block-latest-posts__post-title" href="https://maliwojownicy.org/index.php/2019/05/04/najwazniejszy-jest-start/">Najważniejszy jest start</a></li>
<li><a class="wp-block-latest-posts__post-title" href="https://maliwojownicy.org/index.php/2019/04/03/przedszkole-fundacji-mali-wojownicy/">Przedszkole Fundacji Mali Wojownicy</a></li>
<li><a class="wp-block-latest-posts__post-title" href="https://maliwojownicy.org/index.php/2019/02/20/konferencja-wczesniaki-wsparcie-rozwoju-domu-placowce-edukacyjnej/">Konferencja &#8222;Wcześniaki &#8211; wsparcie rozwoju w domu i placówce edukacyjnej&#8221;</a></li>
<li><a class="wp-block-latest-posts__post-title" href="https://maliwojownicy.org/index.php/2019/01/22/1-ulga-rehabilitacyjna-rozliczeniu-2018/">1% I ULGA REHABILITACYJNA W ROZLICZENIU ZA 2018 ROK</a></li>
<li><a class="wp-block-latest-posts__post-title" href="https://maliwojownicy.org/index.php/2018/12/26/konferencja-wczesniaki-wyjsciu-ze-szpitala-trudnosci-wyzwania/">Zajęcia na basenie metodą Hallwick</a></li>
<li><a class="wp-block-latest-posts__post-title" href="https://maliwojownicy.org/index.php/2018/04/06/rodzinna-gra-miejska/">I Rodzinna Gra Miejska</a></li>
<li><a class="wp-block-latest-posts__post-title" href="https://maliwojownicy.org/index.php/2018/01/23/tz-ulga-rehabilitacyjna-2017/">Tzw. &#8222;ulga rehabilitacyjna&#8221; za 2017 rok</a></li>
<li><a class="wp-block-latest-posts__post-title" href="https://maliwojownicy.org/index.php/2018/01/17/karnawalowy-bal-przebierancow/">Karnawałowy Bal Przebierańców</a></li>
<li><a class="wp-block-latest-posts__post-title" href="https://maliwojownicy.org/index.php/2018/01/09/wiodace-osrodki-koordynujaco-rehabilitacyjno-opiekuncze/">Wiodące ośrodki koordynująco &#8211; rehabilitacyjno &#8211; opiekuńcze</a></li>
<li><a class="wp-block-latest-posts__post-title" href="https://maliwojownicy.org/index.php/2017/12/10/fundacyjne-swiateczne-koledowanie/">Fundacyjne Świąteczne Kolędowanie</a></li>
<li><a class="wp-block-latest-posts__post-title" href="https://maliwojownicy.org/index.php/2017/12/01/kiermasze-swiateczne/">Kiermasze świąteczne</a></li>
<li><a class="wp-block-latest-posts__post-title" href="https://maliwojownicy.org/index.php/2017/11/26/mikolajki/">Mikołajkowe spotkanie Fundacji</a></li>
<li><a class="wp-block-latest-posts__post-title" href="https://maliwojownicy.org/index.php/2017/11/25/spotkanie-z-neurologopeda/">Spotkanie z neurologopedą</a></li>
</ul>
