{"id":1632,"date":"2025-01-20T15:31:55","date_gmt":"2025-01-20T15:31:55","guid":{"rendered":"http:\/\/maliwojownicy.org\/?page_id=1632"},"modified":"2026-03-26T09:36:15","modified_gmt":"2026-03-26T08:36:15","slug":"kadra","status":"publish","type":"page","link":"https:\/\/maliwojownicy.org\/index.php\/kadra\/","title":{"rendered":"Kadra szko\u0142y"},"content":{"rendered":"\n<h2 class=\"wp-block-heading is-style-text-display has-text-color has-link-color wp-elements-5318eac688d52a74339a7fb519897b74 is-style-text-display--1\" style=\"color:#5d2999\"><strong>Kadra szko\u0142y<\/strong><\/h2>\n\n\n\n<div dir=\"auto\">\n<hr>\n<\/div>\n\n\n\n<div class=\"wp-block-media-text is-stacked-on-mobile has-medium-font-size\" style=\"grid-template-columns:30% auto\"><figure class=\"wp-block-media-text__media\"><img loading=\"lazy\" decoding=\"async\" width=\"768\" height=\"1024\" src=\"https:\/\/maliwojownicy.org\/wp-content\/uploads\/2026\/03\/IMG_6021-768x1024.jpeg\" alt=\"\" class=\"wp-image-2192 size-full\" srcset=\"https:\/\/maliwojownicy.org\/wp-content\/uploads\/2026\/03\/IMG_6021-768x1024.jpeg 768w, https:\/\/maliwojownicy.org\/wp-content\/uploads\/2026\/03\/IMG_6021-225x300.jpeg 225w, https:\/\/maliwojownicy.org\/wp-content\/uploads\/2026\/03\/IMG_6021-1152x1536.jpeg 1152w, https:\/\/maliwojownicy.org\/wp-content\/uploads\/2026\/03\/IMG_6021-1536x2048.jpeg 1536w, https:\/\/maliwojownicy.org\/wp-content\/uploads\/2026\/03\/IMG_6021-scaled.jpeg 1920w\" sizes=\"auto, (max-width: 768px) 100vw, 768px\" \/><\/figure><div class=\"wp-block-media-text__content\">\n<p class=\"wp-block-paragraph\"><strong><em>Dyrektorka: mgr Sylwia Weso\u0142owska<\/em><\/strong><\/p>\n\n\n\n<p class=\"has-custom-css has-medium-font-size wp-custom-css-ab53cb0d wp-block-paragraph\">Pani Dyrektor jest magistrem pedagogiki wczesnoszkolnej, absolwentk\u0105 Wydzia\u0142u Pedagogiki i Psychologii Uniwersytetu w Bia\u0142ymstoku. Uko\u0144czy\u0142a kurs kwalifikacyjny z zakresu zarz\u0105dzania o\u015bwiat\u0105 oraz zdoby\u0142a kompetencje jako trener inspiracji. Posiada do\u015bwiadczenie w pracy z elementami pedagogiki Montessori \u2013 pe\u0142ni\u0142a funkcj\u0119 dyrektora w przedszkolu niepublicznym, w kt\u00f3rym stosowano t\u0119 metod\u0119, a tak\u017ce uczestniczy\u0142a w specjalistycznym kursie dotycz\u0105cym pomocy Montessori.<\/p>\n\n\n\n<p class=\"has-custom-css has-medium-font-size wp-custom-css-62b8ff5e wp-block-paragraph\">Jej bogaty dorobek zawodowy obejmuje wieloletni\u0105 prac\u0119 jako nauczyciel w przedszkolach publicznych i prywatnych, zar\u00f3wno w \u015brodowisku miejskim, jak i wiejskim. W latach 2008\u20132015 pe\u0142ni\u0142a funkcj\u0119 dyrektora przedszkola niepublicznego, a tak\u017ce posiada do\u015bwiadczenie jako dyrektor \u017c\u0142obka prywatnego. Pracowa\u0142a r\u00f3wnie\u017c jako asystentka na Wydziale Nauk o Wychowaniu NWSP, gdzie prowadzi\u0142a zaj\u0119cia z zakresu pedagogiki przedszkolnej, teorii wychowania oraz dydaktyki og\u00f3lnej. Jest tak\u017ce za\u0142o\u017cycielk\u0105 i Prezesem Fundacji Mali Wojownicy.<\/p>\n\n\n\n<p class=\"has-custom-css has-medium-font-size wp-custom-css-adab4ea1 wp-block-paragraph\">Systematycznie podnosi swoje kwalifikacje, uczestnicz\u0105c w licznych szkoleniach obejmuj\u0105cych m.in. zarz\u0105dzanie o\u015bwiat\u0105, integracj\u0119 sensoryczn\u0105, masa\u017c logopedyczny, zagadnienia wad genetycznych, wspieranie rozwoju dzieci, rozwijanie uzdolnie\u0144 matematycznych, bajkoterapi\u0119, rozw\u00f3j mowy, wsparcie rozwoju psychoruchowego, komunikacj\u0119 alternatywn\u0105 i wspomagaj\u0105c\u0105 oraz jako\u015b\u0107 edukacji.<\/p>\n\n\n\n<p class=\"has-custom-css has-medium-font-size wp-custom-css-c43748ee wp-block-paragraph\">W swojej pracy kieruje si\u0119 celem, jakim jest wszechstronne wspieranie dzieci zgodnie z ich indywidualnymi potrzebami i mo\u017cliwo\u015bciami, a tak\u017ce tworzenie \u015brodowiska otwartego na r\u00f3\u017cnorodno\u015b\u0107, w kt\u00f3rym doceniana jest wyj\u0105tkowo\u015b\u0107 ka\u017cdego cz\u0142owieka.<\/p>\n<\/div><\/div>\n\n\n\n<hr class=\"wp-block-separator has-alpha-channel-opacity\" style=\"margin-top:var(--wp--preset--spacing--30);margin-bottom:var(--wp--preset--spacing--30)\"\/>\n\n\n\n<div class=\"wp-block-media-text is-stacked-on-mobile\" style=\"grid-template-columns:30% auto\"><figure class=\"wp-block-media-text__media\"><img loading=\"lazy\" decoding=\"async\" width=\"769\" height=\"1024\" src=\"https:\/\/maliwojownicy.org\/wp-content\/uploads\/2026\/03\/IMG_6023-769x1024.jpeg\" alt=\"\" class=\"wp-image-2195 size-full\" srcset=\"https:\/\/maliwojownicy.org\/wp-content\/uploads\/2026\/03\/IMG_6023-769x1024.jpeg 769w, https:\/\/maliwojownicy.org\/wp-content\/uploads\/2026\/03\/IMG_6023-225x300.jpeg 225w, https:\/\/maliwojownicy.org\/wp-content\/uploads\/2026\/03\/IMG_6023-767x1022.jpeg 767w, https:\/\/maliwojownicy.org\/wp-content\/uploads\/2026\/03\/IMG_6023-1153x1536.jpeg 1153w, https:\/\/maliwojownicy.org\/wp-content\/uploads\/2026\/03\/IMG_6023-1538x2048.jpeg 1538w, https:\/\/maliwojownicy.org\/wp-content\/uploads\/2026\/03\/IMG_6023-scaled.jpeg 1922w\" sizes=\"auto, (max-width: 769px) 100vw, 769px\" \/><\/figure><div class=\"wp-block-media-text__content\">\n<p class=\"is-style-default has-medium-font-size wp-block-paragraph\"><strong><em>Wicedyrektorka: mgr Aneta Wnorowska<\/em><\/strong><\/p>\n\n\n\n<p class=\"has-custom-css has-medium-font-size wp-custom-css-4c255074 wp-block-paragraph\">Pani Aneta jest magistrem pedagogiki opieku\u0144czo-socjalnej, absolwentk\u0105 Akademii Pedagogiki Specjalnej im. Marii Grzegorzewskiej w Warszawie. Uko\u0144czy\u0142a studia licencjackie z zakresu pedagogiki resocjalizacyjnej, kurs kwalifikacyjny z zakresu zarz\u0105dzania o\u015bwiat\u0105 <br>i studia podyplomowe z pedagogiki wczesnoszkolnej, przedszkolnej, oligofrenopedagogiki oraz edukacji i rehabilitacji os\u00f3b ze spektrum autyzmu. Jest certyfikowanym liderem Montessori \u2013 szczeg\u00f3lnie mocno upodoba\u0142a sobie prac\u0119 t\u0105 metod\u0105 i naturalnie wykorzystuje j\u0105 w nauczaniu swoich uczni\u00f3w.<\/p>\n\n\n\n<p class=\"has-custom-css has-medium-font-size wp-custom-css-862a7ef8 wp-block-paragraph\"><br>Pracowa\u0142a jako nauczyciel wychowania przedszkolnego w przedszkolu le\u015bnym oraz przedszkolach niepublicznych. Prac\u0119 w Fundacji Mali Wojownicy rozpocz\u0119\u0142a jako nauczyciel wychowania przedszkolnego w Przedszkolu Niepublicznym DZIELNE ZUCHY. Razem z Pani\u0105 Dyrektor tworzy\u0142a nasz\u0105 plac\u00f3wk\u0119 od podstaw, by\u0142a nauczycielem wychowawc\u0105 pierwszej klasy w szkole, kt\u00f3r\u0105 przeprowadzi\u0142a przez ca\u0142y okres edukacji wczesnoszkolnej.<\/p>\n\n\n\n<p class=\"has-custom-css has-medium-font-size wp-custom-css-7e30379e wp-block-paragraph\"><br>Pani Aneta jest r\u00f3wnie\u017c administratorem szkolnym Librus oraz terapeut\u0105 szkolnym. Prowadzi zaj\u0119cia z pedagogiem, terapi\u0119 r\u0119ki, Terapi\u0119 NeuroTaktyln\u0105 MNRI\u00ae z integracj\u0105 odruch\u00f3w posturalnych i dynamicznych, zaj\u0119cia Metod\u0105 Ruchu Rozwijaj\u0105cego <br>W. Sherborne oraz Trening Kontroli Z\u0142o\u015bci, Agresji i Emocji Trudnych.<\/p>\n\n\n\n<p class=\"has-custom-css has-medium-font-size wp-custom-css-c2481c13 wp-block-paragraph\"><br>W swojej pracy kieruje si\u0119 przekonaniem, \u017ce do ka\u017cdego ucznia trzeba podchodzi\u0107 indywidualnie, ze zrozumieniem i sercem, ucz\u0105c jednocze\u015bnie norm spo\u0142ecznych i zasad funkcjonowania w spo\u0142ecze\u0144stwie. Wa\u017cne jest dla niej budowanie dobrej atmosfery <br>w plac\u00f3wce, by ka\u017cdy cz\u0142onek szkolnej spo\u0142eczno\u015bci czu\u0142 si\u0119 w niej dobrze i bezpiecznie.<\/p>\n<\/div><\/div>\n\n\n\n<hr class=\"wp-block-separator has-alpha-channel-opacity is-style-wide is-style-wide--2\" style=\"margin-top:var(--wp--preset--spacing--40);margin-bottom:var(--wp--preset--spacing--40)\"\/>\n\n\n\n<hr class=\"wp-block-separator has-alpha-channel-opacity\" style=\"margin-top:var(--wp--preset--spacing--50);margin-bottom:var(--wp--preset--spacing--50)\"\/>\n\n\n\n<h2 class=\"wp-block-heading has-text-align-center\"><strong><em>Klasa 1<\/em><\/strong><\/h2>\n\n\n\n<div class=\"wp-block-media-text is-stacked-on-mobile has-custom-css wp-custom-css-3461556a\" style=\"grid-template-columns:30% auto\"><figure class=\"wp-block-media-text__media\"><img loading=\"lazy\" decoding=\"async\" width=\"768\" height=\"1024\" src=\"https:\/\/maliwojownicy.org\/wp-content\/uploads\/2026\/03\/IMG_6022-768x1024.jpeg\" alt=\"\" class=\"wp-image-2196 size-full\" srcset=\"https:\/\/maliwojownicy.org\/wp-content\/uploads\/2026\/03\/IMG_6022-768x1024.jpeg 768w, https:\/\/maliwojownicy.org\/wp-content\/uploads\/2026\/03\/IMG_6022-225x300.jpeg 225w, https:\/\/maliwojownicy.org\/wp-content\/uploads\/2026\/03\/IMG_6022-767x1023.jpeg 767w, https:\/\/maliwojownicy.org\/wp-content\/uploads\/2026\/03\/IMG_6022-1152x1536.jpeg 1152w, https:\/\/maliwojownicy.org\/wp-content\/uploads\/2026\/03\/IMG_6022-1536x2048.jpeg 1536w, https:\/\/maliwojownicy.org\/wp-content\/uploads\/2026\/03\/IMG_6022-scaled.jpeg 1920w\" sizes=\"auto, (max-width: 768px) 100vw, 768px\" \/><\/figure><div class=\"wp-block-media-text__content\">\n<p class=\"has-medium-font-size wp-block-paragraph\"><strong><em>Wychowawczyni: mgr Aneta Wnorowska<\/em><\/strong><\/p>\n\n\n\n<p class=\"has-medium-font-size wp-block-paragraph\"><strong><em>Nauczycielka wsp\u00f3\u0142organizuj\u0105ca : Ma\u0142gorzata P\u0142echa<\/em><\/strong><\/p>\n\n\n\n<p class=\"has-medium-font-size wp-block-paragraph\">Pani Aneta Wnorowska prowadzi ju\u017c drug\u0105 swoj\u0105 klas\u0119 w naszej Szkole. W swojej pracy nauczycielskiej najch\u0119tniej wykorzystuje metod\u0119 Marii Montessori. Jako wychowawca klasy stawia na tworzenie warunk\u00f3w do rozwijania samodzielno\u015bci i odpowiedzialno\u015bci uczni\u00f3w. Prywatnie ma syna \u2013 r\u00f3wnie\u017c pierwszoklasist\u0119 oraz c\u00f3rk\u0119 w wieku przedszkolnym.<\/p>\n\n\n\n<p class=\"has-medium-font-size wp-block-paragraph\">Pani Ma\u0142gorzata P\u0142echa uko\u0144czy\u0142a studia na kierunku pedagogika opieku\u0144czo-wychowawcza z edukacj\u0105 zdrowotn\u0105 na Akademii Podlaskiej w Bia\u0142ymstoku &#8211; Akademia Nauk Stosowanych. Posiada przygotowanie pedagogiczne. W swojej pracy stawia na cierpliwo\u015b\u0107 i wytrwa\u0142o\u015b\u0107 w edukacji i opiece nad dzie\u0107mi.<\/p>\n\n\n\n<p class=\"has-medium-font-size wp-block-paragraph\">Obie panie tworz\u0105 wspieraj\u0105cy si\u0119 zesp\u00f3\u0142, kt\u00f3ry na co dzie\u0144 dba o wszechstronny rozw\u00f3j wychowank\u00f3w.<\/p>\n<\/div><\/div>\n\n\n\n<hr class=\"wp-block-separator has-alpha-channel-opacity\" style=\"margin-top:var(--wp--preset--spacing--50);margin-bottom:var(--wp--preset--spacing--50)\"\/>\n\n\n\n<h2 class=\"wp-block-heading has-text-align-center\"><strong><em>Klasa 2<\/em><\/strong><\/h2>\n\n\n\n<div class=\"wp-block-media-text is-stacked-on-mobile has-custom-css wp-custom-css-113fa8a6\" style=\"grid-template-columns:30% auto\"><figure class=\"wp-block-media-text__media\"><img loading=\"lazy\" decoding=\"async\" width=\"768\" height=\"1024\" src=\"https:\/\/maliwojownicy.org\/wp-content\/uploads\/2026\/03\/IMG_5864-768x1024.jpeg\" alt=\"\" class=\"wp-image-2197 size-full\" srcset=\"https:\/\/maliwojownicy.org\/wp-content\/uploads\/2026\/03\/IMG_5864-768x1024.jpeg 768w, https:\/\/maliwojownicy.org\/wp-content\/uploads\/2026\/03\/IMG_5864-225x300.jpeg 225w, https:\/\/maliwojownicy.org\/wp-content\/uploads\/2026\/03\/IMG_5864-767x1023.jpeg 767w, https:\/\/maliwojownicy.org\/wp-content\/uploads\/2026\/03\/IMG_5864-1152x1536.jpeg 1152w, https:\/\/maliwojownicy.org\/wp-content\/uploads\/2026\/03\/IMG_5864-scaled.jpeg 1920w\" sizes=\"auto, (max-width: 768px) 100vw, 768px\" \/><\/figure><div class=\"wp-block-media-text__content\">\n<p class=\"has-medium-font-size wp-block-paragraph\"><strong><em>Wychowawczyni: mgr Aleksandra Korecka<\/em><\/strong><\/p>\n\n\n\n<p class=\"has-medium-font-size wp-block-paragraph\"><strong><em>Nauczycielka wsp\u00f3\u0142organizuj\u0105ca: mgr Kamila Karpi\u0144ska<\/em><\/strong><\/p>\n\n\n\n<p class=\"has-medium-font-size wp-block-paragraph\">Aleksandra Korecka uko\u0144czy\u0142a studia magisterskie na kierunku pedagogika przedszkolna i wczesnoszkolna na Uniwersytecie w Bia\u0142ymstoku. Obecnie kontynuuje rozw\u00f3j zawodowy, podejmuj\u0105c studia podyplomowe z zakresu edukacji i rehabilitacji os\u00f3b z niepe\u0142nosprawno\u015bci\u0105 intelektualn\u0105, autyzmem oraz zespo\u0142em Aspergera. Swoje kompetencje systematycznie poszerza poprzez liczne kursy i szkolenia, w tym m.in. Pedagogik\u0119 Marii Montessori, Ruch Rozwijaj\u0105cy Weroniki Sherborne, terapi\u0119 NeuroTaktyln\u0105, integracj\u0119 odruch\u00f3w posturalnych i dynamicznych, terapi\u0119 r\u0119ki, a tak\u017ce szkolenia z komunikacji alternatywnej i dzieci\u0119cej matematyki. W pracy kieruje si\u0119 przekonaniem, \u017ce ka\u017cde dziecko ma sw\u00f3j unikalny potencja\u0142, kt\u00f3ry warto odkrywa\u0107 i rozwija\u0107 w atmosferze bezpiecze\u0144stwa i akceptacji.<\/p>\n\n\n\n<p class=\"has-medium-font-size wp-block-paragraph\">Pani Kamila Karpi\u0144ska jest magistrem pedagogiki opieku\u0144czo-wychowawczej. Posiada kwalifikacje w zakresie terapii r\u0119ki oraz terapii neurotaktylnej, a tak\u017ce uko\u0144czy\u0142a pierwszy stopie\u0144 pedagogiki Marii Montessori.<br>Obecnie kontynuuje kszta\u0142cenie na studiach podyplomowych z zakresu edukacji i rehabilitacji os\u00f3b z niepe\u0142nosprawno\u015bci\u0105 intelektualn\u0105, autyzmem oraz zespo\u0142em Aspergera. Uko\u0144czy\u0142a r\u00f3wnie\u017c szkolenia z zakresu dzieci\u0119cej matematyki oraz komunikacji alternatywnej i wspomagaj\u0105cej (AAC).<br>W swojej pracy stawia na indywidualne podej\u015bcie, wspieraj\u0105c rozw\u00f3j i potencja\u0142 ka\u017cdego ucznia poprzez dostosowane i kreatywne metody pracy.<\/p>\n\n\n\n<p class=\"has-medium-font-size wp-block-paragraph\">Razem tworz\u0105 zgrany i wspieraj\u0105cy si\u0119 duet, kt\u00f3ry z zaanga\u017cowaniem i pasj\u0105 dba o wszechstronny rozw\u00f3j ka\u017cdego dziecka.<\/p>\n<\/div><\/div>\n\n\n\n<hr class=\"wp-block-separator has-alpha-channel-opacity\" style=\"margin-top:var(--wp--preset--spacing--50);margin-bottom:var(--wp--preset--spacing--50)\"\/>\n\n\n\n<h2 class=\"wp-block-heading has-text-align-center\"><strong><em>Klasa 3<\/em><\/strong><\/h2>\n\n\n\n<div class=\"wp-block-media-text is-stacked-on-mobile has-custom-css wp-custom-css-0c522b32\" style=\"grid-template-columns:30% auto\"><figure class=\"wp-block-media-text__media\"><img loading=\"lazy\" decoding=\"async\" width=\"768\" height=\"1024\" src=\"https:\/\/maliwojownicy.org\/wp-content\/uploads\/2026\/03\/IMG_5868-768x1024.jpeg\" alt=\"\" class=\"wp-image-2198 size-full\" srcset=\"https:\/\/maliwojownicy.org\/wp-content\/uploads\/2026\/03\/IMG_5868-768x1024.jpeg 768w, https:\/\/maliwojownicy.org\/wp-content\/uploads\/2026\/03\/IMG_5868-225x300.jpeg 225w, https:\/\/maliwojownicy.org\/wp-content\/uploads\/2026\/03\/IMG_5868-767x1023.jpeg 767w, https:\/\/maliwojownicy.org\/wp-content\/uploads\/2026\/03\/IMG_5868-1152x1536.jpeg 1152w, https:\/\/maliwojownicy.org\/wp-content\/uploads\/2026\/03\/IMG_5868-1536x2048.jpeg 1536w, https:\/\/maliwojownicy.org\/wp-content\/uploads\/2026\/03\/IMG_5868-scaled.jpeg 1920w\" sizes=\"auto, (max-width: 768px) 100vw, 768px\" \/><\/figure><div class=\"wp-block-media-text__content\">\n<p class=\"has-medium-font-size wp-block-paragraph\"><strong><em>Wychowawczyni: mgr Katarzyna Wy\u0142uda<\/em><\/strong><\/p>\n\n\n\n<p class=\"has-medium-font-size wp-block-paragraph\"><strong><em>Nauczycielka wsp\u00f3\u0142organizuj\u0105ca: mgr Agnieszka Lewko<\/em><\/strong><\/p>\n\n\n\n<p class=\"has-custom-css has-medium-font-size wp-custom-css-0d813491 wp-block-paragraph\">Pani Katarzyna Wy\u0142uda jest magistrem pedagogiki og\u00f3lnej oraz absolwentk\u0105 studi\u00f3w podyplomowych z zakresu pedagogiki przedszkolnej i wczesnoszkolnej. Obecnie kontynuuje kszta\u0142cenie na studiach podyplomowych z zakresu edukacji i rehabilitacji os\u00f3b z niepe\u0142nosprawno\u015bci\u0105 intelektualn\u0105, autyzmem oraz zespo\u0142em Aspergera. Jest r\u00f3wnie\u017c nauczycielem pedagogiki Montessori. Do\u015bwiadczenie zawodowe zdobywa\u0142a jako pracownik socjalny oraz pomoc nauczyciela w przedszkolu. W swojej pracy kieruje si\u0119 ide\u0105 wspierania samodzielno\u015bci dziecka poprzez inspirowanie, zach\u0119canie do dzia\u0142ania i rozbudzanie naturalnej ciekawo\u015bci \u015bwiata \u2013 zgodnie z zasad\u0105 \u201ePom\u00f3\u017c mi zrobi\u0107 to samemu\u201d. Prywatnie pasjonuje si\u0119 literatur\u0105 historyczn\u0105 i kryminaln\u0105 oraz haftem gobelinowym. <\/p>\n\n\n\n<p class=\"has-custom-css has-medium-font-size wp-custom-css-3a91698c wp-block-paragraph\">Pani Agnieszka Lewko posiada do\u015bwiadczenie w pracy z dzie\u0107mi z niepe\u0142nosprawno\u015bciami intelektualnymi i ruchowymi oraz z dzie\u0107mi w spektrum autyzmu. Uko\u0144czy\u0142a studia administracyjno-spo\u0142eczne oraz studia podyplomowe z przygotowania pedagogicznego, a obecnie kszta\u0142ci si\u0119 w zakresie edukacji i terapii os\u00f3b ze spektrum autyzmu z elementami integracji sensorycznej. Uko\u0144czy\u0142a kurs podstaw metody Marii Montessori, kurs terapii neurotaktylnej oraz zdobywa\u0142a do\u015bwiadczenie podczas zaj\u0119\u0107 Ruchu Rozwijaj\u0105cego Weroniki Sherborne. Bra\u0142a udzia\u0142 w projektach teatralnych z osobami nies\u0142ysz\u0105cymi oraz uko\u0144czy\u0142a zaawansowany kurs j\u0119zyka migowego. W pracy szczeg\u00f3ln\u0105 uwag\u0119 po\u015bwi\u0119ca indywidualnym potrzebom dziecka, wspieraniu jego rozwoju, poczucia bezpiecze\u0144stwa oraz budowaniu pewno\u015bci siebie. Prywatnie jest mam\u0105, a jej pasj\u0105 jest muzyka i \u015bpiew. <\/p>\n\n\n\n<p class=\"has-custom-css has-medium-font-size wp-custom-css-bcca2a3c wp-block-paragraph\">Obie Panie tworz\u0105 harmonijny i wspieraj\u0105cy si\u0119 zesp\u00f3\u0142, kt\u00f3ry z pe\u0142nym zaanga\u017cowaniem towarzyszy uczniom w ich codziennym odkrywaniu \u015bwiata, dbaj\u0105c zar\u00f3wno o ich rozw\u00f3j edukacyjny, jak i emocjonalny oraz spo\u0142eczny.<\/p>\n<\/div><\/div>\n\n\n\n<hr class=\"wp-block-separator has-alpha-channel-opacity\" style=\"margin-top:var(--wp--preset--spacing--50);margin-bottom:var(--wp--preset--spacing--50)\"\/>\n\n\n\n<h2 class=\"wp-block-heading has-text-align-center\"><strong><em>Klasa<\/em><\/strong> <strong><em>4<\/em><\/strong><\/h2>\n\n\n\n<div class=\"wp-block-media-text is-stacked-on-mobile has-custom-css wp-custom-css-94af492d\" style=\"grid-template-columns:30% auto\"><figure class=\"wp-block-media-text__media\"><img loading=\"lazy\" decoding=\"async\" width=\"768\" height=\"1024\" src=\"https:\/\/maliwojownicy.org\/wp-content\/uploads\/2026\/03\/IMG_5870-768x1024.jpeg\" alt=\"\" class=\"wp-image-2199 size-full\" srcset=\"https:\/\/maliwojownicy.org\/wp-content\/uploads\/2026\/03\/IMG_5870-768x1024.jpeg 768w, https:\/\/maliwojownicy.org\/wp-content\/uploads\/2026\/03\/IMG_5870-225x300.jpeg 225w, https:\/\/maliwojownicy.org\/wp-content\/uploads\/2026\/03\/IMG_5870-767x1023.jpeg 767w, https:\/\/maliwojownicy.org\/wp-content\/uploads\/2026\/03\/IMG_5870-1152x1536.jpeg 1152w, https:\/\/maliwojownicy.org\/wp-content\/uploads\/2026\/03\/IMG_5870-1536x2048.jpeg 1536w, https:\/\/maliwojownicy.org\/wp-content\/uploads\/2026\/03\/IMG_5870-scaled.jpeg 1920w\" sizes=\"auto, (max-width: 768px) 100vw, 768px\" \/><\/figure><div class=\"wp-block-media-text__content\">\n<p class=\"wp-block-paragraph\"><strong><em>Wychowawczyni: Magdalena Majtas<\/em><\/strong><\/p>\n\n\n\n<p class=\"has-custom-css has-medium-font-size wp-custom-css-f2671cd3 wp-block-paragraph\">Pani Magda jest wychowawczyni\u0105 klasy czwartej oraz nauczycielk\u0105 wsp\u00f3\u0142organizuj\u0105c\u0105 proces kszta\u0142cenia. Aktualnie ko\u0144czy studia na V roku pedagogiki specjalnej specjalizacja- oligofrenopedagogika. W swojej pracy szczeg\u00f3ln\u0105 satysfakcj\u0119 odnajduje w momentach, gdy uczniowie pokonuj\u0105 trudno\u015bci kiedy co\u015b, co jeszcze wczoraj wydawa\u0142o si\u0119 dla nich skomplikowane, nagle staje si\u0119 proste i zrozumia\u0142e. To w\u0142a\u015bnie te chwile stanowi\u0105 dla niej najwi\u0119ksz\u0105 motywacj\u0119 i potwierdzenie sensu podejmowanych dzia\u0142a\u0144 edukacyjnych.<br>Systematycznie rozwija swoje kompetencje zawodowe. Uko\u0144czy\u0142a szkolenie z zakresu dzieci\u0119cej matematyki, a tak\u017ce poszerza\u0142a wiedz\u0119 w obszarze terapii wspieraj\u0105cych rozw\u00f3j dzieci, takich jak NeuroTaktylna terapia, integracja odruch\u00f3w oraz terapia r\u0119ki. Zdobyte umiej\u0119tno\u015bci wykorzystuje w codziennej pracy, dostosowuj\u0105c metody nauczania do indywidualnych potrzeb uczni\u00f3w i wspieraj\u0105c ich wszechstronny rozw\u00f3j. W wolnych chwilach lubi ogl\u0105da\u0107 filmy i seriale, najch\u0119tniej pod kocem z kubkiem herbaty. Odpoczynek odnajduje r\u00f3wnie\u017c w r\u00f3\u017cnego rodzaju kreatywnych zaj\u0119ciach jej ulubion\u0105 form\u0105 relaksu jest kolorowanie po numerach. Potrafi usi\u0105\u015b\u0107, w\u0142\u0105czy\u0107 muzyk\u0119 i sp\u0119dzi\u0107 w ten spos\u00f3b kilka godzin, w pe\u0142ni oddaj\u0105c si\u0119 tw\u00f3rczemu wyciszeniu.<\/p>\n<\/div><\/div>\n\n\n\n<hr class=\"wp-block-separator has-alpha-channel-opacity\" style=\"margin-top:var(--wp--preset--spacing--50);margin-bottom:var(--wp--preset--spacing--50)\"\/>\n\n\n\n<hr class=\"wp-block-separator has-alpha-channel-opacity\"\/>\n\n\n\n<h2 class=\"wp-block-heading has-text-align-center\"><strong><em>Nauczyciele Przedmiot\u00f3w<\/em><\/strong><\/h2>\n\n\n\n<hr class=\"wp-block-separator has-alpha-channel-opacity\"\/>\n\n\n\n<hr class=\"wp-block-separator has-alpha-channel-opacity\" style=\"margin-top:var(--wp--preset--spacing--50);margin-bottom:var(--wp--preset--spacing--50)\"\/>\n\n\n\n<h2 class=\"wp-block-heading has-text-align-center\"><strong><em>Terapueci<\/em><\/strong><\/h2>\n\n\n\n<ol class=\"wp-block-list\">\n<li><strong>mgr. Paulina B\u0105kowska<\/strong> &#8211; neurologopedka, pedago\u017cka specjalna, terapeutka r\u0119ki, trener TUS, prowadz\u0105ca Sherborne, terapia NeuroTaktylna<\/li>\n\n\n\n<li><strong>mgr. Magdalena Gli\u0144ska<\/strong> &#8211; fizjoterapeutka, terapeutka integracji sensorycznej, terapia NeuroTaktylna i integracja odruch\u00f3w posturalnych i dynamicznych, prowadz\u0105ca Sherborne<\/li>\n\n\n\n<li><strong>mgr. Jacek Gregorczuk<\/strong> &#8211; terapeuta wodny, pedagog specjalny (zwolnienie)<\/li>\n\n\n\n<li><strong>mgr. Marlena Jedli\u0144ska<\/strong> &#8211; psycholo\u017cka<\/li>\n\n\n\n<li><strong>mgr. Kamil Jeruzalski<\/strong> &#8211; fizjoterapeuta, terapeuta integracji sensorycznej, terapia NeuroTaktylna oraz integracja odruch\u00f3w posturalnych i dynamicznych<\/li>\n\n\n\n<li><strong>mgr. Anna Talarczyk<\/strong> &#8211; terapeutka integracji sensorycznej, terapeutka Snoezelen, terapeutka r\u0119ki, terapia NeuroTaktylna oraz integracja odruch\u00f3w posturalnych i dynamicznych oraz ustno-twarzowych, prowadz\u0105ca Sherborne<\/li>\n\n\n\n<li><strong>mgr. Sylwia Weso\u0142owska<\/strong> &#8211; pedago\u017cka specjalna, terapeutka integracji sensorycznej, terapeutka Snoezelen, licencjonowana terapeutka MNRI (terapia NeuroTaktylna, integracja odruch\u00f3w posturalnych i dynamicznych, integracja odruch\u00f3w ustno-twarzowych, integracja strukturalna, hormon stresu)<\/li>\n\n\n\n<li><strong>mgr. Joanna Wyszy\u0144ska<\/strong> &#8211; logopedka, terapeutka r\u0119ki, prowadz\u0105ca Sherborne, terapie NeuroTaktylna<\/li>\n\n\n\n<li><strong>mgr. Kamila Karpi\u0144ska<\/strong> &#8211; pedago\u017cka, terapeutka r\u0119ki<\/li>\n\n\n\n<li><strong>mgr. Aleksandra Korecka<\/strong> &#8211; terapeutka r\u0119ki, terapia NeuroTaktylna<\/li>\n\n\n\n<li><strong>mgr. Mateusz Kowalczyk<\/strong> &#8211; trener TUS, pedagog specjalny, terapia NeuroTaktylna<\/li>\n\n\n\n<li><strong>mgr. Edyta Trzeciak<\/strong> &#8211; koordynatorka i opiekunka sta\u017c\u00f3w zawodowych (przedszkole i szko\u0142a), metodyczna kl. I &#8211; III, logopedka, terapia NeuroTaktylna<\/li>\n\n\n\n<li><strong>mgr. Aneta Wnorowska<\/strong> &#8211; pedago\u017cka specjalna, terapeutka r\u0119ki, terapeutka Emphaty Dolls, prowadz\u0105ca Sherborne, terapia NeuroTaktylna oraz integracja odruch\u00f3w posturalnych i dynamicznych<\/li>\n<\/ol>\n","protected":false},"excerpt":{"rendered":"<p>Kadra szko\u0142y Dyrektorka: mgr Sylwia Weso\u0142owska Pani Dyrektor jest magistrem pedagogiki wczesnoszkolnej, absolwentk\u0105 Wydzia\u0142u Pedagogiki i Psychologii Uniwersytetu w Bia\u0142ymstoku. Uko\u0144czy\u0142a kurs kwalifikacyjny z zakresu zarz\u0105dzania o\u015bwiat\u0105 oraz zdoby\u0142a kompetencje jako trener inspiracji. Posiada do\u015bwiadczenie w pracy z elementami pedagogiki Montessori \u2013 pe\u0142ni\u0142a funkcj\u0119 dyrektora w przedszkolu niepublicznym, w kt\u00f3rym stosowano t\u0119 metod\u0119, a tak\u017ce [&hellip;]<\/p>\n","protected":false},"author":3,"featured_media":0,"parent":0,"menu_order":0,"comment_status":"closed","ping_status":"closed","template":"","meta":{"_crdt_document":"","_kadence_starter_templates_imported_post":false,"footnotes":""},"class_list":["post-1632","page","type-page","status-publish","hentry"],"_links":{"self":[{"href":"https:\/\/maliwojownicy.org\/index.php\/wp-json\/wp\/v2\/pages\/1632","targetHints":{"allow":["GET"]}}],"collection":[{"href":"https:\/\/maliwojownicy.org\/index.php\/wp-json\/wp\/v2\/pages"}],"about":[{"href":"https:\/\/maliwojownicy.org\/index.php\/wp-json\/wp\/v2\/types\/page"}],"author":[{"embeddable":true,"href":"https:\/\/maliwojownicy.org\/index.php\/wp-json\/wp\/v2\/users\/3"}],"replies":[{"embeddable":true,"href":"https:\/\/maliwojownicy.org\/index.php\/wp-json\/wp\/v2\/comments?post=1632"}],"version-history":[{"count":14,"href":"https:\/\/maliwojownicy.org\/index.php\/wp-json\/wp\/v2\/pages\/1632\/revisions"}],"predecessor-version":[{"id":2279,"href":"https:\/\/maliwojownicy.org\/index.php\/wp-json\/wp\/v2\/pages\/1632\/revisions\/2279"}],"wp:attachment":[{"href":"https:\/\/maliwojownicy.org\/index.php\/wp-json\/wp\/v2\/media?parent=1632"}],"curies":[{"name":"wp","href":"https:\/\/api.w.org\/{rel}","templated":true}]}}